{"id":5482,"date":"2025-04-13T11:55:17","date_gmt":"2025-04-13T03:55:17","guid":{"rendered":"https:\/\/chuahaidong.org\/?page_id=5482"},"modified":"2025-04-13T11:55:17","modified_gmt":"2025-04-13T03:55:17","slug":"phong-trao","status":"publish","type":"page","link":"https:\/\/chuahaidong.org\/?page_id=5482","title":{"rendered":"Phong Tr\u00e0o"},"content":{"rendered":"<section class=\"av_textblock_section \"  itemscope=\"itemscope\" itemtype=\"https:\/\/schema.org\/CreativeWork\" ><div class='avia_textblock  '   itemprop=\"text\" ><h2 style=\"text-align: center;\">Ngu\u1ed3n G\u1ed1c &amp; Danh X\u01b0ng \/ Roots &amp; Origins<\/h2>\n<\/div><\/section>\n<div  class='avia-video avia-video-16-9   av-lazyload-immediate  av-lazyload-video-embed  '   itemprop=\"video\" itemtype=\"https:\/\/schema.org\/VideoObject\"  data-original_url='https:\/\/www.youtube.com\/watch?v=n6fxs82RW4c&amp;t=1s' ><script type='text\/html' class='av-video-tmpl'><div class='avia-iframe-wrap'><iframe loading=\"lazy\" title=\"Phong Trao\" width=\"1500\" height=\"844\" src=\"https:\/\/www.youtube.com\/embed\/n6fxs82RW4c?start=1&feature=oembed&autoplay=0&loop=0&controls=1&mute=0\" frameborder=\"0\" allow=\"accelerometer; autoplay; clipboard-write; encrypted-media; gyroscope; picture-in-picture; web-share\" referrerpolicy=\"strict-origin-when-cross-origin\" allowfullscreen><\/iframe><\/div><\/script><div class='av-click-to-play-overlay'><div class=\"avia_playpause_icon\"><\/div><\/div><\/div>\n<section class=\"av_textblock_section \"  itemscope=\"itemscope\" itemtype=\"https:\/\/schema.org\/CreativeWork\" ><div class='avia_textblock  '   itemprop=\"text\" ><h4>M\u1ee5c \u0110\u00edch \/ Purpose<\/h4>\n<p>Phong Tr\u00e0o Thi\u1ebfu Nhi Th\u00e1nh Th\u1ec3 nh\u1eb1m hai m\u1ee5c \u0111\u00edch t\u1ed5ng qu\u00e1t:<\/p>\n<ol>\n<li>\u0110\u00e0o luy\u1ec7n thanh thi\u1ebfu ni\u00ean tr\u1edf th\u00e0nh nh\u1eefng con ng\u01b0\u1eddi ki\u1ec7n to\u00e0n v\u00e0 nh\u1eefng Kit\u00f4 H\u1eefu ho\u00e0n h\u1ea3o.<\/li>\n<li>\u0110o\u00e0n Ng\u0169 h\u00f3a v\u00e0 h\u01b0\u1edbng d\u1eabn thanh thi\u1ebfu ni\u00ean loan truy\u1ec1n Tin M\u1eebng Ch\u00faa Kit\u00f4 v\u00e0 g\u00f3p ph\u1ea7n x\u00e2y d\u1ef1ng x\u00e3 h\u1ed9i.<\/li>\n<\/ol>\n<p>The missions of the Eucharistic Youth Movement are:<\/p>\n<ol>\n<li>To educate youths in both their social and spiritual lives, as well as help them to become better people and responsible Christians.<\/li>\n<li>To organize and guide all youths and help them become more aware of the Church\u2019s mission to the world by engaging in the spreading of the Good News, and be involved in working for the good of society through apostolate services, in serving others.<\/li>\n<\/ol>\n<h4>N\u1ec1n T\u1ea3ng \/ Foundation<\/h4>\n<p>Phong Tr\u00e0o Thi\u1ebfu Nhi Th\u00e1nh Th\u1ec3 l\u1ea5y L\u1eddi Ch\u00faa trong Th\u00e1nh Kinh v\u00e0 Gi\u00e1o Hu\u1ea5n c\u1ee7a Gi\u00e1o H\u1ed9i C\u00f4ng Gi\u00e1o l\u00e0 n\u1ec1n t\u1ea3ng \u0111\u1ec3 gi\u00e1o d\u1ee5c v\u00e0 h\u01b0\u1edbng d\u1eabn gi\u1edbi tr\u1ebb trong c\u00e1c ho\u1ea1t \u0111\u1ed9ng.<\/p>\n<p>The Eucharistic Youth Movement takes both the Word of God in the Bible and the Teachings of the Catholic Church as its foundation to educate and guide young people in activities.<\/p>\n<h4>L\u00fd T\u01b0\u1edfng \/ Ideal<\/h4>\n<p>Phong Tr\u00e0o Thi\u1ebfu Nhi Th\u00e1nh Th\u1ec3 nh\u1eadn Ch\u00faa Gi\u00easu Th\u00e1nh Th\u1ec3 l\u00e0 trung t\u00e2m \u0111i\u1ec3m, l\u00e0 ngu\u1ed3n s\u1ed1ng thi\u00eang li\u00eang v\u00e0 l\u00e0 l\u00fd t\u01b0\u1edfng s\u1ed1ng c\u1ee7a \u0111\u1eddi m\u00ecnh.<\/p>\n<p>The Eucharistic Youth Movement recognizes the Eucharist as its center point, the sacred source of life, and ideals of our life.<\/p>\n<h4>T\u00f4n Ch\u1ec9 \/ Principles<\/h4>\n<ol>\n<li>S\u1ed1ng L\u1eddi Ch\u00faa v\u00e0 k\u1ebft h\u1ee3p v\u1edbi Ch\u00faa Gi\u00easu Th\u00e1nh Th\u1ec3 b\u1eb1ng C\u1ea7u Nguy\u1ec7n, R\u01b0\u1edbc L\u1ec5, Hy Sinh, v\u00e0 L\u00e0m Vi\u1ec7c T\u00f4ng \u0110\u1ed3, c\u00e1ch ri\u00eang l\u00e0m T\u00f4ng \u0110\u1ed3 cho gi\u1edbi tr\u1ebb.<br \/>\nLive God\u2019s Word and Unite with Jesus through Prayers, Holy Communion, Sacrifice, and Apostolic Actions, especially as the Apostles for the Youth.<\/li>\n<li>Y\u00eau m\u1ebfn v\u00e0 t\u00f4n k\u00ednh \u0110\u1ee9c Maria M\u1eb9 Ch\u00faa C\u1ee9u Th\u1ebf, \u0111\u1ec3 nh\u1edd M\u1eb9 ch\u00fang ta \u0111\u00f3n nh\u1eadn Ch\u00faa v\u00e0 \u0111em Ch\u00faa v\u00e0o \u0111\u1eddi m\u1ed9t c\u00e1ch tuy\u1ec7t h\u1ea3o.<br \/>\nLove and honor Mary, Mother our Savior, so that through Her, we can receive God into our life in a more perfect way.<\/li>\n<li>T\u00f4n k\u00ednh c\u00e1c Th\u00e1nh T\u1eed \u0110\u1ea1o Vi\u1ec7t Nam; noi g\u01b0\u01a1ng v\u00e0 n\u00ean ch\u1ee9ng t\u00e1 Tin M\u1eebng Ch\u00faa Kit\u00f4.<br \/>\nHonor the Vietnamese Martyrs; follow examples of the Witnesses of Christ\u2019s Good News.<\/li>\n<li>Y\u00eau m\u1ebfn v\u00e0 v\u00e2ng ph\u1ee5c \u0110\u1ee9c Gi\u00e1o Ho\u00e0ng, \u0111\u1ed3ng th\u1eddi c\u1ea7u nguy\u1ec7n v\u00e0 th\u1ef1c hi\u1ec7n nh\u1eefng \u00fd ch\u1ec9 h\u00e0ng th\u00e1ng c\u1ee7a Ng\u00e0i.<br \/>\nTo promote prayers for the Holy Father (carry out His monthly intentions) who is the Vicar of Christ on earth and to pray for the needs of the whole Church. Also, Love and obey the Pope.<\/li>\n<li>Th\u0103ng ti\u1ebfn con ng\u01b0\u1eddi nh\u00e2n b\u1ea3n. B\u1ea3o t\u1ed3n v\u00e0 ph\u00e1t huy truy\u1ec1n th\u1ed1ng v\u0103n h\u00f3a d\u00e2n t\u1ed9c Vi\u1ec7t Nam.<br \/>\nPromote and To Self-improve humanity. Preserve &amp; extend the Vietnamese Culture and Tradition.<\/li>\n<\/ol>\n<figure class=\"wp-block-table alignwide is-style-regular\">\n<table class=\"has-background-background-color has-background has-fixed-layout\">\n<thead>\n<tr>\n<th>10 \u0110i\u1ec1u T\u00e2m Ni\u1ec7m<\/th>\n<th class=\"has-text-align-left\" data-align=\"left\">10 Vows<\/th>\n<\/tr>\n<\/thead>\n<tbody>\n<tr>\n<td>Thi\u1ebfu Nhi m\u1ed7i s\u00e1ng d\u00e2ng ng\u00e0y<br \/>\n\u0110i\u1ec3m t\u00f4 \u0111\u1eddi s\u1ed1ng h\u01b0\u01a1ng bay\u00a0<strong>nguy\u00ea\u0323n c\u1ea7u.<\/strong><\/td>\n<td class=\"has-text-align-left\" data-align=\"left\">Offer our daily\u00a0<strong>Prayers<\/strong>\u00a0each morning,<br \/>\nenrich our lives with heartfelt gratitude and prayers<\/td>\n<\/tr>\n<tr>\n<td>Thi\u1ebfu Nhi Th\u00e1nh Th\u1ec3 nhi\u1ec7m m\u1ea7u,<br \/>\nT\u00f4n s\u00f9ng\u00a0<strong>r\u01b0\u01a1\u0301c l\u1ec5<\/strong>, nh\u00e0 ch\u1ea7u vi\u1ebfng th\u0103m.<\/td>\n<td class=\"has-text-align-left\" data-align=\"left\">Present our marvelous faith to God,<br \/>\nthrough\u00a0<strong>Holy Communion<\/strong>\u00a0and adoration<\/td>\n<\/tr>\n<tr>\n<td>Thi\u1ebfu Nhi Th\u00e1nh Gi\u00e1 Ch\u00faa n\u1eb1m,<br \/>\nNh\u00ecn l\u00ean ph\u1ea5n kh\u1edfi chuy\u00ean c\u1ea7n\u00a0<strong>hy sinh<\/strong>.<\/td>\n<td class=\"has-text-align-left\" data-align=\"left\">Up there upon the cross where Jesus lay,<br \/>\nlook up for an encouragement of a\u00a0<strong>Diligent Sacrifice<\/strong><\/td>\n<\/tr>\n<tr>\n<td>Thi\u1ebfu Nhi nh\u1edd M\u1eb9 \u0111inh ninh,<br \/>\nQuy\u1ebft l\u00e0m g\u01b0\u01a1ng sa\u0301ng x\u1ee9ng danh\u00a0<strong>t\u00f4ng \u0111\u1ed3<\/strong>.<\/td>\n<td class=\"has-text-align-left\" data-align=\"left\">From the Virgin Mary, we ask for a favor,<br \/>\na\u00a0<strong>True Disciple<\/strong>\u00a0of Jesus we are determined to become<\/td>\n<\/tr>\n<tr>\n<td>Thi\u1ebfu Nhi m\u1ecdi vi\u1ec7c nh\u1ecf to,<br \/>\nTinh th\u1ea7n\u00a0<strong>v\u00e2ng ph\u1ee5c<\/strong>\u00a0chuy\u00ean lo \u0111\u1eadm \u0111\u00e0.<\/td>\n<td class=\"has-text-align-left\" data-align=\"left\">No matter the hardship of a job,<br \/>\nwith the spirit to\u00a0<strong>Obey Authority<\/strong>\u00a0with warmth and respect<\/td>\n<\/tr>\n<tr>\n<td>Thi\u1ebfu Nhi\u00a0<strong>\u0111\u1eb1m th\u1eafm n\u00ea\u0301t na<\/strong>,<br \/>\nN\u00f3i n\u0103ng h\u00e0nh \u0111\u1ed9ng n\u00f5n n\u00e0\u00a0<strong>tr\u1eafng trong<\/strong>.<\/td>\n<td class=\"has-text-align-left\" data-align=\"left\">In a fond and\u00a0<strong>Well-behaved Manner<\/strong>,<br \/>\nshow the\u00a0<strong>Purity<\/strong>\u00a0of our heart in both our words and actions<\/td>\n<\/tr>\n<tr>\n<td>Thi\u1ebfu Nhi b\u00e1c \u00e1i m\u1ed9t l\u00f2ng,<br \/>\nTim lu\u00f4n\u00a0<strong>qu\u1ea3ng \u0111a\u0323i<\/strong>\u00a0m\u1edbi mong gi\u00fap ng\u01b0\u1eddi.<\/td>\n<td class=\"has-text-align-left\" data-align=\"left\">Being whole-hearted and humane,<br \/>\nwith a large heart we hope to\u00a0<strong>Serve Others<\/strong><\/td>\n<\/tr>\n<tr>\n<td>Thi\u1ebfu Nhi\u00a0<strong>ngay th\u1eb3ng<\/strong>\u00a0tr\u1ecdn \u0111\u1eddi,<br \/>\nN\u00f3i l\u00e0m \u0111\u00fang m\u1ef1c ng\u01b0\u1eddi ng\u01b0\u1eddi tin y\u00eau.<\/td>\n<td class=\"has-text-align-left\" data-align=\"left\">Straightforward and\u00a0<strong>Honest<\/strong>\u00a0we should always be,<br \/>\ntruthful in both words and actions to gain love and<\/td>\n<\/tr>\n<tr>\n<td>Thi\u1ebfu Nhi d\u00f9 kh\u00f3 tr\u0103m chi\u1ec1u,<br \/>\nChu to\u00e0n\u00a0<strong>b\u1ed5n ph\u00e2\u0323n<\/strong>\u00a0m\u1ecdi \u0111i\u1ec1u ch\u0103m chuy\u00ean.<\/td>\n<td class=\"has-text-align-left\" data-align=\"left\">No matter the difficulties of all directions,<br \/>\nkeep your honor whole and\u00a0<strong>Perform Your Duties<\/strong>\u00a0right<\/td>\n<\/tr>\n<tr>\n<td>Thi\u1ebfu Nhi th\u1ef1c hi\u1ec7n\u00a0<strong>hoa thi\u00eang<\/strong>,<br \/>\nCh\u00e9p ghi m\u1ed7i t\u1ed1i c\u1ed9ng bi\u00ean m\u1ed7i tu\u1ea7n.<\/td>\n<td class=\"has-text-align-left\" data-align=\"left\">Carry out the\u00a0<strong>Spiritual Bouquet<\/strong>\u00a0with love and respect,<br \/>\nrecord each night and add to it each week<\/td>\n<\/tr>\n<\/tbody>\n<\/table>\n<\/figure>\n<h4>The Meaning of Each Kh\u0103n Qu\u00e0ng<\/h4>\n<figure class=\"wp-block-image alignwide size-full\"><img loading=\"lazy\" decoding=\"async\" class=\"wp-image-581\" title=\"\" src=\"https:\/\/chuahaidongdtdp.wordpress.com\/wp-content\/uploads\/2023\/03\/khan-quang-1.png\" sizes=\"auto, (max-width: 1856px) 100vw, 1856px\" srcset=\"https:\/\/chuahaidongdtdp.wordpress.com\/wp-content\/uploads\/2023\/03\/khan-quang-1.png 1856w, https:\/\/chuahaidongdtdp.wordpress.com\/wp-content\/uploads\/2023\/03\/khan-quang-1.png?w=150&amp;h=70 150w, https:\/\/chuahaidongdtdp.wordpress.com\/wp-content\/uploads\/2023\/03\/khan-quang-1.png?w=300&amp;h=140 300w, https:\/\/chuahaidongdtdp.wordpress.com\/wp-content\/uploads\/2023\/03\/khan-quang-1.png?w=768&amp;h=358 768w, https:\/\/chuahaidongdtdp.wordpress.com\/wp-content\/uploads\/2023\/03\/khan-quang-1.png?w=1024&amp;h=478 1024w\" alt=\"\" width=\"1856\" height=\"866\" data-attachment-id=\"581\" data-permalink=\"https:\/\/chuahaidongdtdp.wordpress.com\/phong-trao\/khan-quang\/\" data-orig-file=\"https:\/\/chuahaidongdtdp.wordpress.com\/wp-content\/uploads\/2023\/03\/khan-quang-1.png\" data-orig-size=\"1856,866\" data-comments-opened=\"1\" data-image-meta=\"{\" data-image-title=\"Khan Quang\" data-image-description=\"\" data-image-caption=\"\" data-medium-file=\"https:\/\/chuahaidongdtdp.wordpress.com\/wp-content\/uploads\/2023\/03\/khan-quang-1.png?w=300\" data-large-file=\"https:\/\/chuahaidongdtdp.wordpress.com\/wp-content\/uploads\/2023\/03\/khan-quang-1.png?w=580\" \/><\/figure>\n<\/div><\/section>\n","protected":false},"excerpt":{"rendered":"","protected":false},"author":13,"featured_media":0,"parent":0,"menu_order":0,"comment_status":"closed","ping_status":"closed","template":"","meta":{"footnotes":""},"class_list":["post-5482","page","type-page","status-publish","hentry"],"_links":{"self":[{"href":"https:\/\/chuahaidong.org\/index.php?rest_route=\/wp\/v2\/pages\/5482","targetHints":{"allow":["GET"]}}],"collection":[{"href":"https:\/\/chuahaidong.org\/index.php?rest_route=\/wp\/v2\/pages"}],"about":[{"href":"https:\/\/chuahaidong.org\/index.php?rest_route=\/wp\/v2\/types\/page"}],"author":[{"embeddable":true,"href":"https:\/\/chuahaidong.org\/index.php?rest_route=\/wp\/v2\/users\/13"}],"replies":[{"embeddable":true,"href":"https:\/\/chuahaidong.org\/index.php?rest_route=%2Fwp%2Fv2%2Fcomments&post=5482"}],"version-history":[{"count":2,"href":"https:\/\/chuahaidong.org\/index.php?rest_route=\/wp\/v2\/pages\/5482\/revisions"}],"predecessor-version":[{"id":5485,"href":"https:\/\/chuahaidong.org\/index.php?rest_route=\/wp\/v2\/pages\/5482\/revisions\/5485"}],"wp:attachment":[{"href":"https:\/\/chuahaidong.org\/index.php?rest_route=%2Fwp%2Fv2%2Fmedia&parent=5482"}],"curies":[{"name":"wp","href":"https:\/\/api.w.org\/{rel}","templated":true}]}}