{"id":5476,"date":"2025-04-13T11:49:19","date_gmt":"2025-04-13T03:49:19","guid":{"rendered":"https:\/\/chuahaidong.org\/?page_id=5476"},"modified":"2025-04-13T11:49:19","modified_gmt":"2025-04-13T03:49:19","slug":"bible-sntt","status":"publish","type":"page","link":"https:\/\/chuahaidong.org\/?page_id=5476","title":{"rendered":"Bible\/SNTT"},"content":{"rendered":"<section class=\"av_textblock_section \"  itemscope=\"itemscope\" itemtype=\"https:\/\/schema.org\/CreativeWork\" ><div class='avia_textblock  '   itemprop=\"text\" ><h2 style=\"text-align: center;\">Th\u00e1nh Kinh \/ Bible<\/h2>\n<\/div><\/section>\n<div  class='avia-video avia-video-16-9   av-lazyload-immediate  av-lazyload-video-embed  '   itemprop=\"video\" itemtype=\"https:\/\/schema.org\/VideoObject\"  data-original_url='https:\/\/www.youtube.com\/watch?v=wsVrRoJHrxo' ><script type='text\/html' class='av-video-tmpl'><div class='avia-iframe-wrap'><iframe loading=\"lazy\" title=\"Thanh Kinh\" width=\"1500\" height=\"844\" src=\"https:\/\/www.youtube.com\/embed\/wsVrRoJHrxo?feature=oembed&autoplay=0&loop=0&controls=1&mute=0\" frameborder=\"0\" allow=\"accelerometer; autoplay; clipboard-write; encrypted-media; gyroscope; picture-in-picture; web-share\" referrerpolicy=\"strict-origin-when-cross-origin\" allowfullscreen><\/iframe><\/div><\/script><div class='av-click-to-play-overlay'><div class=\"avia_playpause_icon\"><\/div><\/div><\/div>\n<div  style='height:50px' class='hr hr-invisible   avia-builder-el-2  el_after_av_video  el_before_av_textblock '><span class='hr-inner ' ><span class='hr-inner-style'><\/span><\/span><\/div>\n<section class=\"av_textblock_section \"  itemscope=\"itemscope\" itemtype=\"https:\/\/schema.org\/CreativeWork\" ><div class='avia_textblock  '   itemprop=\"text\" ><h2 style=\"text-align: center;\">S\u1ed1ng Ng\u00e0y Th\u00e1nh Th\u1ec3 \/ Living the Eucharistic Day<\/h2>\n<\/div><\/section>\n<div  class='avia-video avia-video-16-9   av-lazyload-immediate  av-lazyload-video-embed  '   itemprop=\"video\" itemtype=\"https:\/\/schema.org\/VideoObject\"  data-original_url='https:\/\/www.youtube.com\/watch?v=kzKX0P-6DVA' ><script type='text\/html' class='av-video-tmpl'><div class='avia-iframe-wrap'><iframe loading=\"lazy\" title=\"sntt\" width=\"1500\" height=\"844\" src=\"https:\/\/www.youtube.com\/embed\/kzKX0P-6DVA?feature=oembed&autoplay=0&loop=0&controls=1&mute=0\" frameborder=\"0\" allow=\"accelerometer; autoplay; clipboard-write; encrypted-media; gyroscope; picture-in-picture; web-share\" referrerpolicy=\"strict-origin-when-cross-origin\" allowfullscreen><\/iframe><\/div><\/script><div class='av-click-to-play-overlay'><div class=\"avia_playpause_icon\"><\/div><\/div><\/div>\n<section class=\"av_textblock_section \"  itemscope=\"itemscope\" itemtype=\"https:\/\/schema.org\/CreativeWork\" ><div class='avia_textblock  '   itemprop=\"text\" ><p>The goal of SNTT is to:<\/p>\n<ol>\n<li>Unite ourselves with Jesus Christ in the Eucharist<\/li>\n<li>Pray for the Pope\u2019s Intention<\/li>\n<\/ol>\n<h5>Three Steps to SNTT:<\/h5>\n<ol>\n<li>Morning Prayer (D\u00e2ng Ng\u00e0y)<\/li>\n<li>Attend Mass and Receive Holy Communion or Receive Spiritual Communion (D\u1ef1 Th\u00e1nh L\u1ec5 v\u00e0 R\u01b0\u1edbc M\u00ecnh Th\u00e1nh Ch\u00faa ho\u1eb7c R\u01b0\u1edbc L\u1ec5 Thi\u00eang Li\u00eang)<\/li>\n<li>Night\/Evening Prayer (D\u00e2ng \u0110\u00eam)<\/li>\n<\/ol>\n<h5>Morning Prayer (D\u00e2ng Ng\u00e0y)<\/h5>\n<ol>\n<li>Thank God for the night you just had<\/li>\n<li>Offer the day up to God<\/li>\n<li>Recite\u00a0<strong>Kinh D\u00e2ng Ng\u00e0y<\/strong>\n<ol>\n<li>L\u1ea1y Tr\u00e1i Tim C\u1ef1c Th\u00e1nh \u00d0\u1ee9c Ch\u00faa Gi\u00easu. Con nh\u1edd Tr\u00e1i Tim C\u1ef1c S\u1ea1ch \u00d0\u1ee9c B\u00e0 Maria m\u00e0 d\u00e2ng cho tr\u00e1i tim Ch\u00faa m\u1ecdi l\u1eddi con c\u1ea7u xin, m\u1ecdi vi\u1ec7c con l\u00e0m, m\u1ecdi s\u1ef1 kh\u00f3 con ch\u1ecbu trong ng\u00e0y h\u00f4m nay. Cho \u0111\u01b0\u1ee3c \u0111\u1ec1n v\u00ec t\u1ed9i l\u1ed7i con v\u00e0 c\u1ea7u nguy\u1ec7n theo \u00fd Ch\u00faa. Khi d\u00e2ng m\u00ecnh t\u1ebf l\u1ec5 tr\u00ean b\u00e0n th\u1edd, con l\u1ea1i d\u00e2ng c\u00e1c s\u1ef1 \u1ea5y cho Tr\u00e1i Tim Ch\u00faa c\u00f3 \u00fd c\u1ea7u nguy\u1ec7n c\u00e1ch ri\u00eang theo \u00fd \u00d0\u1ee9c Gi\u00e1o Ho\u00e0ng. Amen.<\/li>\n<li><i>O Jesus, through the Immaculate Heart of Mary,\u00a0<\/i><i>I offer you my prayers, works, joys, and sufferings of this day\u00a0<\/i><i>in union with the holy sacrifice of the Mass throughout the world.\u00a0<\/i><i>I offer them for all the intentions of your sacred heart:\u00a0<\/i><i>the salvation of souls, reparation for sin, the reunion of all Christians.<\/i><i>\u00a0I offer them for the intentions of our bishops and of all the apostles of prayer,\u00a0<\/i><i>and in particular for those recommended by our Holy Father this month.\u00a0<\/i><i>Amen.<\/i><\/li>\n<\/ol>\n<\/li>\n<li><strong>Kinh \u0102n N\u0103n T\u1ed9i (Act of Contrition)<\/strong>\n<ol>\n<li>L\u1ea1y Ch\u00faa con, Ch\u00faa l\u00e0 \u0110\u1ea5ng tr\u1ecdn t\u1ed1t tr\u1ecdn l\u00e0nh v\u00f4 c\u00f9ng. Ch\u00faa \u0111\u00e3 d\u1ef1ng n\u00ean con, v\u00e0 cho Con Ch\u00faa ra \u0111\u1eddi ch\u1ecbu n\u1ea1n ch\u1ecbu ch\u1ebft v\u00ec con, m\u00e0 con \u0111\u00e3 c\u1ea3 l\u00f2ng ph\u1ea3n ngh\u1ecbch l\u1ed7i ngh\u0129a c\u00f9ng Ch\u00faa, th\u00ec con lo bu\u1ed3n \u0111au \u0111\u1edbn, c\u00f9ng ch\u00ea gh\u00e9t m\u1ecdi t\u1ed9i con tr\u00ean h\u1ebft m\u1ecdi s\u1ef1; con d\u1ed1c l\u00f2ng ch\u1eeba c\u1ea3i, v\u00e0 nh\u1edd \u01a1n Ch\u00faa th\u00ec con s\u1ebd l\u00e1nh xa d\u1ecbp t\u1ed9i c\u00f9ng l\u00e0m vi\u1ec7c \u0111\u1ec1n t\u1ed9i cho x\u1ee9ng. Amen.<\/li>\n<li><i>O my God, I am heartily sorry for having offended you and I detest all my sins, because of your punishments, but most of all because they offend you, my God, who are all-good and deserving of all my love. I firmly resolve, with the help of your grace, to sin no more and to avoid the near occasions of sin. Amen.<\/i><\/li>\n<\/ol>\n<\/li>\n<li><strong>Kinh R\u01b0\u1edbc L\u1ec5 Thi\u00eang Li\u00eang (Spiritual Communion)<\/strong>\n<ol>\n<li>L\u1ea1y Ch\u00faa Gi\u00easu Th\u00e1nh Th\u1ec3. Con y\u00eau m\u1ebfn Ch\u00faa. Xin Ch\u00faa ng\u1ef1 v\u00e0o t\u00e2m h\u1ed3n con, v\u00e0 \u1edf l\u1ea1i v\u1edbi con lu\u00f4n m\u00e3i. Amen.<\/li>\n<li><i>My Jesus, I believe that You are present in the Most Holy Sacrament.\u00a0<\/i><i>I love You above all things, and I desire to receive You into my soul.\u00a0<\/i><i>Since I cannot at this moment receive You sacramentally,\u00a0<\/i><i>come at least spiritually into my heart.\u00a0<\/i><i>I embrace You as if You were already there and unite myself wholly to You.\u00a0<\/i><i>Never permit me to be separated from You. Amen<\/i><\/li>\n<\/ol>\n<\/li>\n<\/ol>\n<h5>Attend Mass and Receive Holy Communion or Receive Spiritual Communion (D\u1ef1 Th\u00e1nh L\u1ec5 v\u00e0 R\u01b0\u1edbc M\u00ecnh Th\u00e1nh Ch\u00faa ho\u1eb7c R\u01b0\u1edbc L\u1ec5 Thi\u00eang Li\u00eang)<\/h5>\n<ol>\n<li>This point is the highlight of the day because we are uniting ourselves with Jesus Christ through the Eucharist<\/li>\n<li>If you are not able to attend mass and receive communion in person, then we do so through Spiritual Communion<strong>Kinh \u0102n N\u0103n T\u1ed9i (Act of Contrition)<\/strong><b>Kinh R\u01b0\u1edbc L\u1ec5 Thi\u00eang Li\u00eang (Spiritual Communion)<\/b><\/li>\n<\/ol>\n<h5>Night\/Evening Prayer (D\u00e2ng \u0110\u00eam)<\/h5>\n<ol>\n<li>Thank God for all the blessings in the day<\/li>\n<li>Reflect on the day and what you may have done to offend God or others (examination of conscience)<\/li>\n<li>Ask for forgiveness and strength\/understanding to do better the next day<\/li>\n<li><strong>Kinh \u0102n N\u0103n T\u1ed9i (Act of Contrition)<\/strong>\n<ol>\n<li>L\u1ea1y Ch\u00faa con, Ch\u00faa l\u00e0 \u0110\u1ea5ng tr\u1ecdn t\u1ed1t tr\u1ecdn l\u00e0nh v\u00f4 c\u00f9ng. Ch\u00faa \u0111\u00e3 d\u1ef1ng n\u00ean con, v\u00e0 cho Con Ch\u00faa ra \u0111\u1eddi ch\u1ecbu n\u1ea1n ch\u1ecbu ch\u1ebft v\u00ec con, m\u00e0 con \u0111\u00e3 c\u1ea3 l\u00f2ng ph\u1ea3n ngh\u1ecbch l\u1ed7i ngh\u0129a c\u00f9ng Ch\u00faa, th\u00ec con lo bu\u1ed3n \u0111au \u0111\u1edbn, c\u00f9ng ch\u00ea gh\u00e9t m\u1ecdi t\u1ed9i con tr\u00ean h\u1ebft m\u1ecdi s\u1ef1; con d\u1ed1c l\u00f2ng ch\u1eeba c\u1ea3i, v\u00e0 nh\u1edd \u01a1n Ch\u00faa th\u00ec con s\u1ebd l\u00e1nh xa d\u1ecbp t\u1ed9i c\u00f9ng l\u00e0m vi\u1ec7c \u0111\u1ec1n t\u1ed9i cho x\u1ee9ng. Amen.<\/li>\n<li><i>O my God, I am heartily sorry for having offended you and I detest all my sins, because of your punishments, but most of all because they offend you, my God, who are all-good and deserving of all my love. I firmly resolve, with the help of your grace, to sin no more and to avoid the near occasions of sin. Amen.<\/i><\/li>\n<\/ol>\n<\/li>\n<li><strong>Kinh R\u01b0\u1edbc L\u1ec5 Thi\u00eang Li\u00eang (Spiritual Communion)<\/strong>\n<ol>\n<li>L\u1ea1y Ch\u00faa Gi\u00easu Th\u00e1nh Th\u1ec3. Con y\u00eau m\u1ebfn Ch\u00faa. Xin Ch\u00faa ng\u1ef1 v\u00e0o t\u00e2m h\u1ed3n con, v\u00e0 \u1edf l\u1ea1i v\u1edbi con lu\u00f4n m\u00e3i. Amen.<\/li>\n<li><i>My Jesus, I believe that You are present in the Most Holy Sacrament.\u00a0<\/i><i>I love You above all things, and I desire to receive You into my soul.\u00a0<\/i><i>Since I cannot at this moment receive You sacramentally,\u00a0<\/i><i>come at least spiritually into my heart.\u00a0<\/i><i>I embrace You as if You were already there and unite myself wholly to You.\u00a0<\/i><i>Never permit me to be separated from You. Amen.<\/i><\/li>\n<\/ol>\n<\/li>\n<li><strong>Kinh D\u00e2ng \u0110\u00eam<\/strong>\n<ol>\n<li>Tr\u1eddi \u0111\u00e3 x\u1ebf chi\u1ec1u, Gi\u00easu \u01a1i con nh\u1edd tay M\u1eb9 Maria, m\u00e0 d\u00e2ng l\u00ean Ch\u00faa, d\u00e2ng ch\u00fac l\u1eddi c\u00e1m \u01a1n, d\u00e2ng tr\u00f3t c\u1ea3 x\u00e1c h\u1ed3n. \u00a0C\u00e1c vi\u1ec7c con l\u00e0m, c\u00e1c l\u1eddi con xin, c\u00f9ng v\u1edbi m\u1ecdi kh\u00f3 nguy con ch\u1ecbu tr\u00f3t m\u1ed9t ng\u00e0y qua.\u00a0C\u00f9ng v\u1edbi b\u00f3ng chi\u1ec1u t\u00e0, Gi\u00easu Maria, con h\u00f2a ca, d\u00e2ng v\u1ec1 n\u01a1i bao la.\u00a0Ch\u00faa ban ph\u00e9p l\u00e0nh, m\u1ed9t \u0111\u00eam ng\u1ee7 an b\u00ecnh, h\u1ed3n trong x\u00e1c t\u01b0\u01a1i xinh.<\/li>\n<\/ol>\n<\/li>\n<\/ol>\n<\/div><\/section>\n","protected":false},"excerpt":{"rendered":"","protected":false},"author":13,"featured_media":0,"parent":0,"menu_order":0,"comment_status":"closed","ping_status":"closed","template":"","meta":{"footnotes":""},"class_list":["post-5476","page","type-page","status-publish","hentry"],"_links":{"self":[{"href":"https:\/\/chuahaidong.org\/index.php?rest_route=\/wp\/v2\/pages\/5476","targetHints":{"allow":["GET"]}}],"collection":[{"href":"https:\/\/chuahaidong.org\/index.php?rest_route=\/wp\/v2\/pages"}],"about":[{"href":"https:\/\/chuahaidong.org\/index.php?rest_route=\/wp\/v2\/types\/page"}],"author":[{"embeddable":true,"href":"https:\/\/chuahaidong.org\/index.php?rest_route=\/wp\/v2\/users\/13"}],"replies":[{"embeddable":true,"href":"https:\/\/chuahaidong.org\/index.php?rest_route=%2Fwp%2Fv2%2Fcomments&post=5476"}],"version-history":[{"count":3,"href":"https:\/\/chuahaidong.org\/index.php?rest_route=\/wp\/v2\/pages\/5476\/revisions"}],"predecessor-version":[{"id":5480,"href":"https:\/\/chuahaidong.org\/index.php?rest_route=\/wp\/v2\/pages\/5476\/revisions\/5480"}],"wp:attachment":[{"href":"https:\/\/chuahaidong.org\/index.php?rest_route=%2Fwp%2Fv2%2Fmedia&parent=5476"}],"curies":[{"name":"wp","href":"https:\/\/api.w.org\/{rel}","templated":true}]}}