{"id":40,"date":"2014-09-13T17:35:58","date_gmt":"2014-09-13T17:35:58","guid":{"rendered":"http:\/\/chuahaidong.org\/?page_id=40"},"modified":"2017-12-29T12:33:00","modified_gmt":"2017-12-29T04:33:00","slug":"about","status":"publish","type":"page","link":"https:\/\/chuahaidong.org\/?page_id=40","title":{"rendered":"About"},"content":{"rendered":"<div id=\"content2\">\n<h2>L\u1ecbch S\u1eed v\u00e0 B\u01b0\u1edbc Ti\u1ebfn<\/h2>\n<p>The Vietnamese Eucharistic Youth Society is a national non-profit organization under the leadership of the Catholic Church. In the United States, there are about 15,000 members in seventy Vietnamese Catholic communities and parishes.<\/p>\n<p>The Seattle chapter currently has over 300 members and 45 Coordinating Leaders (similar to a scout leader). Our mission is to help young people (ages 7-18) to become well-rounded citizens physically, socially, and spiritually.<\/p>\n<h3>Phong Tr\u00e0o Thi\u1ebfu Nhi Th\u00e1nh Th\u1ec3 Vi\u1ec7t Nam t\u1ea1i Hoa K\u1ef3<\/h3>\n<div class=\"figure\"><img loading=\"lazy\" decoding=\"async\" class=\"alignnone wp-image-84 size-thumbnail\" src=\"http:\/\/chuahaidong.org\/wp-content\/uploads\/2014\/09\/tntt_logo-80x80.gif\" alt=\"tntt_logo\" width=\"80\" height=\"80\" srcset=\"https:\/\/chuahaidong.org\/wp-content\/uploads\/2014\/09\/tntt_logo-80x80.gif 80w, https:\/\/chuahaidong.org\/wp-content\/uploads\/2014\/09\/tntt_logo-36x36.gif 36w\" sizes=\"auto, (max-width: 80px) 100vw, 80px\" \/><\/div>\n<p>Phong Tr\u00e0o Thi\u1ebfu Nhi Th\u00e1nh Th\u1ec3 Vi\u1ec7t Nam b\u1eaft ngu\u1ed3n t\u1eeb H\u1ed9i C\u1ea7u Nguy\u1ec7n b\u00ean Ph\u00e1p do c\u00e1c linh m\u1ee5c L\u00e9onard Cros v\u00e0 Ramadi\u00e8re kh\u1edfi x\u01b0\u1edbng gi\u1eefa th\u1ebf k\u1ef7 19. L\u1ea5y tinh th\u1ea7n \u0110\u1ea1o Binh Th\u00e1nh Gi\u00e1, nh\u01b0ng thay v\u00ec d\u00f9ng v\u0169 kh\u00ed v\u1eadt ch\u1ea5t l\u00e0 g\u01b0\u01a1m gi\u00e1o, Phong Tr\u00e0o d\u00f9ng v\u0169 kh\u00ed tinh th\u1ea7n l\u00e0 4 kh\u1ea9u hi\u1ec7u truy\u1ec1n th\u1ed1ng: C\u1ea7u Nguy\u1ec7n, R\u01b0\u1edbc L\u1ec5, Hy Sinh v\u00e0 L\u00e0m Vi\u1ec7c T\u00f4ng \u0110\u1ed3, thay v\u00ec b\u1ea3o v\u1ec7 Th\u00e1nh \u0110\u1ecba v\u1eadt ch\u1ea5t, Phong Tr\u00e0o b\u1ea3o v\u1ec7 \u0110\u1ec1n Th\u1edd thi\u00eang li\u00eang l\u00e0 t\u00e2m h\u1ed3n c\u1ee7a c\u00e1c em thi\u1ebfu nhi, t\u00e2m h\u1ed3n c\u1ee7a gi\u1edbi tr\u1ebb. <span style=\"color: #0066cc;\"><a title=\"L\u1ecbch S\u1eed PT\/TNTT: Th\u00e0nh L\u1eadp t\u1ea1i Ph\u00e1p\" href=\"http:\/\/chuahaidong.org\/?page_id=156\">Read more..<\/a>.<\/span><\/p>\n<h3>\u0110o\u00e0n Thi\u1ebfu Nhi Th\u00e1nh Th\u1ec3 &#8211; Ch\u00faa H\u00e0i \u0110\u1ed3ng, Mi\u00ean T\u00e2y B\u1eafc<\/h3>\n<div class=\"figure\"><a href=\"http:\/\/chuahaidong.org\/wp-content\/uploads\/2014\/09\/chd_logo.jpg\"><img loading=\"lazy\" decoding=\"async\" class=\"alignnone wp-image-81 size-thumbnail\" src=\"http:\/\/chuahaidong.org\/wp-content\/uploads\/2014\/09\/chd_logo-80x80.jpg\" alt=\"chd_logo\" width=\"80\" height=\"80\" srcset=\"https:\/\/chuahaidong.org\/wp-content\/uploads\/2014\/09\/chd_logo-80x80.jpg 80w, https:\/\/chuahaidong.org\/wp-content\/uploads\/2014\/09\/chd_logo-36x36.jpg 36w, https:\/\/chuahaidong.org\/wp-content\/uploads\/2014\/09\/chd_logo-180x180.jpg 180w, https:\/\/chuahaidong.org\/wp-content\/uploads\/2014\/09\/chd_logo-120x120.jpg 120w\" sizes=\"auto, (max-width: 80px) 100vw, 80px\" \/><\/a><\/div>\n<p>\u00d0o\u00e0n Thi\u1ebfu Nhi Th\u00e1nh Th\u1ec3 Ch\u00faa H\u00e0i \u00d0\u1ed3ng \u0111\u01b0\u1ee3c th\u00e0nh l\u1eadp v\u00e0o m\u00f9a thu n\u0103m 1985, do LM. Ant\u00f4n Phan H\u1eefu H\u1eadu, Th\u1ea7y Giuse Nguy\u1ec5n Ng\u1ecdc Huy\u1ec1n c\u00f9ng m\u1ed9t s\u1ed1 c\u1ef1u Huynh Tr\u01b0\u1edfng ti\u00ean phong. Tr\u01b0\u1edfng Giuse Ho\u00e0ng Ng\u1ecdc Trinh, Tr\u01b0\u1edfng Giuse V\u0169 \u00d0inh H\u01b0\u1edbng&#8230; \u00d0\u01b0\u1ee3c s\u1ef1 \u1ee7ng h\u1ed9 nhi\u1ec7t th\u00e0nh c\u1ee7a Ban Th\u01b0\u1eddng V\u1ee5 C\u1ed9ng \u00d0\u1ed3ng \u0111\u01b0\u01a1ng th\u1eddi. \u00d0\u1eb7c bi\u1ec7t l\u00e0 s\u1ef1 t\u1eadn t\u00e2m gi\u00fap \u0111\u1ee1 c\u1ee7a \u00f4ng \u1ee7y vi\u00ean c\u00f4ng gi\u00e1o ti\u1ebfn h\u00e0nh (B\u00e1c Nguy\u1ec5n \u00d0\u1ee9c Th\u00e0nh). V\u00e0o kho\u1ea3ng th\u00e1ng 9 n\u0103m 1985 Cha Tuy\u00ean \u00day k\u00eau g\u1ecdi m\u1ed9t s\u1ed1 anh ch\u1ecb tham gia v\u00e0o PT\/TNTT\/VN \u0111\u1ec3 ph\u1ee5c v\u1ee5 cho gi\u1edbi tr\u1ebb. Sau m\u1ea5y tu\u1ea7n \u0111\u00e3 qui t\u1ee5 \u0111\u01b0\u1ee3c tr\u00ean 40 anh ch\u1ecb ghi danh tham <a href=\"http:\/\/www.replica-watch.org\/\">rolex replica<\/a>\u00a0gia v\u00e0o PT. <a href=\"index.php?option=com_content&amp;view=article&amp;id=28&amp;Itemid=64\"><br \/>\n<\/a><a title=\"L\u1ecbch S\u1eed \u0110o\u00e0n Ch\u00faa H\u00e0i \u0110\u1ed3ng: Kh\u1edfi \u0110\u1ea7u\" href=\"http:\/\/chuahaidong.org\/?page_id=200\">Read more&#8230;<\/a><\/p>\n<\/div>\n","protected":false},"excerpt":{"rendered":"<p>L\u1ecbch S\u1eed v\u00e0 B\u01b0\u1edbc Ti\u1ebfn The Vietnamese Eucharistic Youth Society is a national non-profit organization under the leadership of the Catholic Church. In the United States, there are about 15,000 members in seventy Vietnamese Catholic communities and parishes. The Seattle chapter currently has over 300 members and 45 Coordinating Leaders (similar to a scout leader). [&hellip;]<\/p>\n","protected":false},"author":1,"featured_media":0,"parent":0,"menu_order":0,"comment_status":"closed","ping_status":"closed","template":"","meta":{"footnotes":""},"class_list":["post-40","page","type-page","status-publish","hentry"],"_links":{"self":[{"href":"https:\/\/chuahaidong.org\/index.php?rest_route=\/wp\/v2\/pages\/40","targetHints":{"allow":["GET"]}}],"collection":[{"href":"https:\/\/chuahaidong.org\/index.php?rest_route=\/wp\/v2\/pages"}],"about":[{"href":"https:\/\/chuahaidong.org\/index.php?rest_route=\/wp\/v2\/types\/page"}],"author":[{"embeddable":true,"href":"https:\/\/chuahaidong.org\/index.php?rest_route=\/wp\/v2\/users\/1"}],"replies":[{"embeddable":true,"href":"https:\/\/chuahaidong.org\/index.php?rest_route=%2Fwp%2Fv2%2Fcomments&post=40"}],"version-history":[{"count":10,"href":"https:\/\/chuahaidong.org\/index.php?rest_route=\/wp\/v2\/pages\/40\/revisions"}],"predecessor-version":[{"id":4372,"href":"https:\/\/chuahaidong.org\/index.php?rest_route=\/wp\/v2\/pages\/40\/revisions\/4372"}],"wp:attachment":[{"href":"https:\/\/chuahaidong.org\/index.php?rest_route=%2Fwp%2Fv2%2Fmedia&parent=40"}],"curies":[{"name":"wp","href":"https:\/\/api.w.org\/{rel}","templated":true}]}}