{"id":3056,"date":"2014-12-02T15:08:31","date_gmt":"2014-12-02T07:08:31","guid":{"rendered":"http:\/\/chuahaidong.org\/?page_id=3056"},"modified":"2014-12-02T15:08:55","modified_gmt":"2014-12-02T07:08:55","slug":"lich-su-doan-chua-hai-dong-2010s","status":"publish","type":"page","link":"https:\/\/chuahaidong.org\/?page_id=3056","title":{"rendered":"L\u1ecbch S\u1eed \u0110o\u00e0n Ch\u00faa H\u00e0i \u0110\u1ed3ng: 2010&#8217;s"},"content":{"rendered":"<p><!--Main Content HTML code--><\/p>\n<div id=\"content\">\n<h2>L\u1ecbch S\u1eed \u0110o\u00e0n Ch\u00faa H\u00e0i \u0110\u1ed3ng: 2010&#8217;s<\/h2>\n<p>N\u0103m 2010 c\u0169ng l\u00e0 n\u0103m ghi d\u1ea5u \u0110o\u00e0n Ch\u00faa H\u00e0i \u0110\u1ed3ng \u0111\u01b0\u1ee3c tr\u00f2n 25 tu\u1ed5i.\u00a0 M\u1ed9t ch\u1eb7ng \u0111\u01b0\u1eddng d\u00e0i \u0110o\u00e0n \u0111\u00e3 \u0111i qua v\u1edbi bi\u1ebft bao nhi\u00eau n\u1ed7 l\u1ef1c c\u1ee7a m\u1ecdi ng\u01b0\u1eddi, t\u1eeb qu\u00fd Cha trong Gi\u00e1o X\u1ee9, qu\u00fd v\u1ecb trong H\u1ed9i \u0110\u1ed3ng M\u1ee5c V\u1ee5, \u0111\u1ebfn m\u1ed7i em \u0111o\u00e0n sinh trong \u0110o\u00e0n, \u0111\u1eb7c bi\u1ec7t nh\u1ea5t l\u00e0 qu\u00fd Tr\u1ee3 T\u00e1 v\u00e0 ph\u1ee5 huynh r\u1ea5t d\u1ec5 th\u01b0\u01a1ng c\u1ee7a \u0110o\u00e0n.\u00a0 \u0110\u1ea7u n\u0103m 2010, c\u0169ng trong bu\u1ed5i t\u0129nh t\u00e2m Huynh Tr\u01b0\u1edfng, d\u01b0\u1edbi s\u1ef1 h\u01b0\u1edbng d\u1eabn c\u1ee7a Cha Ph\u00ear\u00f4 Nguy\u1ec5n Qu\u1ed1c H\u01b0ng, OFM, BCH\u00a0nhi\u1ec7m k\u1ef3 2010 \u2013 2013 \u0111\u00e3 \u0111\u01b0\u1ee3c b\u1ea7u v\u1edbi c\u00e1c Tr\u01b0\u1edfng:<\/p>\n<ul id=\"about\">\n<li>\u0110o\u00e0n Tr\u01b0\u1edfng: T\u00ear\u00easa Ng\u00f4 Ng\u1ecdc Hi\u1ebfu<\/li>\n<li>N\u1ed9i V\u1ee5: Anna L\u00ea Th\u1ecb Ki\u1ec1u Oanh<\/li>\n<li>Ngo\u1ea1i V\u1ee5: Maria Nguy\u1ec5n Thy H\u01b0\u01a1ng<\/li>\n<li>Nghi\u00ean Hu\u1ea5n: Dominico V\u0169 Duy H\u1ea3i Henry<\/li>\n<li>Th\u01b0 K\u00fd: Martha Nguy\u1ec5n H\u1ed3ng Ph\u00fac Grace<\/li>\n<li>Th\u1ee7 Qu\u1ef9: Maria Nguy\u1ec5n Thy H\u01b0\u01a1ng<\/li>\n<li>Ng\u00e0nh Tr\u01b0\u1edfng Ng\u00e0nh \u1ea4u: Ph\u00ear\u00f4 Nguy\u1ec5n L\u00ea T\u00e2m<\/li>\n<li>Ng\u00e0nh Tr\u01b0\u1edfng Ng\u00e0nh Thi\u1ebfu: Maria Tr\u1ea7n Th\u1ecb M\u1ef9 Nhung<\/li>\n<li>Ng\u00e0nh Tr\u01b0\u1edfng Ng\u00e0nh Ngh\u0129a: Ph\u00ear\u00f4 Nguy\u1ec5n V\u0103n Hi\u1ebfn<\/li>\n<li>Ng\u00e0nh Tr\u01b0\u1edfng Ng\u00e0nh Hi\u1ec7p S\u0129: Phaol\u00f4 Nguy\u1ec5n Thanh Ph\u1ee5ng<\/li>\n<\/ul>\n<p>C\u0169ng trong nhi\u1ec7m k\u1ef3 n\u00e0y, v\u00ec nh\u1eefng nhu c\u1ea7u c\u1ee7a Gi\u00e1o X\u1ee9 Immaculate Conception, \u0110o\u00e0n \u0111\u00e3 ph\u1ea3i \u0111\u1ed5i ng\u00e0y gi\u1edd sinh ho\u1ea1t t\u1eeb Th\u1ee9 B\u1ea3y sang Ch\u00faa Nh\u1eadt, m\u1ed9t s\u1ef1 thay \u0111\u1ed5i kh\u00f4ng nh\u1ecf v\u00ec ph\u1ea7n \u0111\u00f4ng qu\u00fd ph\u1ee5 huynh v\u1eabn th\u00edch cho c\u00e1c em t\u1edbi sinh ho\u1ea1t ng\u00e0y Th\u1ee9 B\u1ea3y.\u00a0 Th\u00e1ng M\u01b0\u1eddi M\u1ed9t, n\u0103m 2011, \u0110o\u00e0n \u0111\u00e3 ti\u1ec5n Cha Ph\u00ear\u00f4 Ho\u00e0ng Ph\u01b0\u1ee3ng sang Gi\u00e1o X\u1ee9 m\u1edbi v\u00e0 \u0111\u00f3n Cha Gioakim \u0110\u00e0o Xu\u00e2n Th\u00e0nh v\u1ec1 l\u00e0m Cha X\u1ee9.\u00a0 N\u0103m 2013, d\u01b0\u1edbi s\u1ef1 l\u00e0m vi\u1ec7c h\u0103ng say c\u1ee7a Cha X\u1ee9 v\u00e0 m\u1ecdi ng\u01b0\u1eddi trong C\u1ed9ng \u0111\u1ed3ng, T\u00f2a t\u1ed5ng Gi\u00e1m M\u1ee5c Seattle \u0111\u00e3 gi\u00fap gi\u00e1o x\u1ee9 t\u00ecm \u0111\u01b0\u1ee3c m\u1ed9t c\u01a1 s\u1edf th\u1eadt r\u1ed9ng r\u00e3i trong th\u00e0nh ph\u1ed1 Tukwila, m\u1ed9t mi\u1ec1n \u0111\u1ea5t cho m\u1ed9t ng\u00f4i th\u00e1nh \u0111\u01b0\u1eddng m\u1edbi s\u1eafp \u0111\u01b0\u1ee3c x\u00e2y d\u1ef1ng, ni\u1ec1m m\u01a1 \u01b0\u1edbc c\u1ee7a m\u1ecdi ng\u01b0\u1eddi trong gi\u00e1o x\u1ee9, v\u00e0 c\u1ee7a \u0110o\u00e0n TNTT Ch\u00faa H\u00e0i \u0110\u1ed3ng.\u00a0 Trong ni\u1ec1m vui \u0111\u00f3, \u0110o\u00e0n c\u0169ng \u0111\u01b0\u1ee3c h\u00e2n hoan ch\u00e0o \u0111\u00f3n t\u00e2n BTV nhi\u1ec7m k\u1ef3 2013 \u2013 2016 v\u1edbi qu\u00fd Tr\u01b0\u1edfng:<\/p>\n<ul id=\"about\">\n<li>\u0110o\u00e0n Tr\u01b0\u1edfng:\u00a0Phaol\u00f4 Nguy\u1ec5n Thanh Ph\u1ee5ng<\/li>\n<li>Ph\u00f3 Qu\u1ea3n Tr\u1ecb:\u00a0Monica Tr\u1ecbnh Nguy\u1ec5n M\u1ef9 Linh<\/li>\n<li>Ph\u00f3 Nghi\u00ean Hu\u1ea5n:\u00a0Phanxic\u00f4 Xavi\u00ea Phan Qu\u1ed1c Quy\u1ec1n<\/li>\n<li>Th\u01b0 K\u00fd:\u00a0Maria Tr\u01b0\u01a1ng Th\u1ecb Kim Y\u1ebfn<\/li>\n<li>Th\u1ee7 Qu\u1ef9: Maria Nguy\u1ec5n Thy H\u01b0\u01a1ng<\/li>\n<li>Ng\u00e0nh Tr\u01b0\u1edfng Ng\u00e0nh \u1ea4u: Ph\u00ear\u00f4 Nguy\u1ec5n L\u00ea T\u00e2m<\/li>\n<li>Ng\u00e0nh Tr\u01b0\u1edfng Ng\u00e0nh Thi\u1ebfu:\u00a0Ph\u00ear\u00f4 Ph\u1ea1m Huy Ho\u00e0ng<\/li>\n<li>Ng\u00e0nh Tr\u01b0\u1edfng Ng\u00e0nh Ngh\u0129a: Gius\u00ea\u00a0Tr\u01b0\u01a1ng Ho\u00e0ng H\u1ea3i<\/li>\n<li>Ng\u00e0nh Tr\u01b0\u1edfng Ng\u00e0nh Hi\u1ec7p S\u0129: Maria Fatima Nguy\u1ec5n T\u00fa Anh<\/li>\n<\/ul>\n<p>Gi\u00e1ng Sinh 2013 \u0111\u00f3ng d\u1ea5u 28 n\u0103m \u0110o\u00e0n TNTT Ch\u00faa H\u00e0i \u0110\u1ed3ng \u0111\u00e3 c\u00f9ng \u0111\u1ed3ng h\u00e0nh v\u1edbi nh\u1eefng th\u0103ng tr\u1ea7m c\u1ee7a Gi\u00e1o X\u1ee9 C\u00e1c Th\u00e1nh T\u1eed \u0110\u1ea1o Vi\u1ec7t Nam c\u0169ng nh\u01b0 s\u1ef1 tr\u01b0\u1edfng th\u00e0nh trong ni\u1ec1m s\u1ed1ng \u0111\u1ea1o c\u1ee7a c\u00e1c em v\u00e0 s\u1ef1 th\u0103ng ti\u1ebfn c\u1ee7a \u0110o\u00e0n.<\/p>\n<p>Trong 28 n\u0103m qua, Thi\u1ebfu Nhi Th\u00e1nh Th\u1ec3 Ch\u00faa H\u00e0i \u0110\u1ed3ng s\u1eed d\u1ee5ng nh\u1eefng ph\u01b0\u01a1ng ph\u00e1p th\u00edch h\u1ee3p \u0111\u1ec3 gi\u00e1o d\u1ee5c thanh thi\u1ebfu ni\u00ean v\u1ec1 hai ph\u01b0\u01a1ng di\u1ec7n (1) T\u1ef1 Nhi\u00ean: Thi\u1ebfu Nhi Th\u00e1nh Th\u1ec3 d\u00f9ng nh\u1eefng ph\u01b0\u01a1ng ph\u00e1p t\u1ef1 nhi\u00ean nh\u01b0 ca v\u0169, sinh ho\u1ea1t ngo\u00e0i tr\u1eddi, v\u00e0o sa m\u1ea1c, ho\u1ea1t \u0111\u1ed9ng x\u00e3 h\u1ed9i, m\u00e0 c\u00e1c ho\u1ea1t \u0111\u1ed9ng n\u00e0y \u0111\u01b0\u1ee3c th\u1ea5m nhu\u1ea7n tinh th\u1ea7n Th\u00e1nh Kinh; (2) Si\u00eau Nhi\u00ean: Thi\u1ebfu Nhi Th\u00e1nh Th\u1ec3 \u0111\u1eb7t c\u0103n b\u1ea3n cho \u0111\u1eddi s\u1ed1ng tinh th\u1ea7n b\u1eb1ng c\u00e1ch S\u1ed1ng Ng\u00e0y Th\u00e1nh Th\u1ec3 qua vi\u1ec7c D\u00e2ng Ng\u00e0y, C\u1ea7u Nguy\u1ec7n, R\u01b0\u1edbc L\u1ec5, th\u1ef1c hi\u1ec7n B\u00f3 Hoa Thi\u00eang Li\u00eang, T\u0129nh Hu\u1ea5n, Chia s\u1ebb L\u1eddi Ch\u00faa.\u00a0 TNTT l\u1ea5y L\u1eddi Ch\u00faa trong Th\u00e1nh Kinh v\u00e0 Gi\u00e1o Hu\u1ea5n c\u1ee7a Gi\u00e1o H\u1ed9i C\u00f4ng Gi\u00e1o l\u00e0 n\u1ec1n t\u1ea3ng \u0111\u1ec3 gi\u00e1o d\u1ee5c v\u00e0 h\u01b0\u1edbng d\u1eabn gi\u1edbi tr\u1ebb trong c\u00e1c ho\u1ea1t \u0111\u1ed9ng; nh\u1eadn Ch\u00faa Gi\u00easu Th\u00e1nh Th\u1ec3 l\u00e0 trung t\u00e2m \u0111i\u1ec3m, l\u00e0 ngu\u1ed3n s\u1ed1ng thi\u00eang li\u00eang v\u00e0 l\u00e0 l\u00fd t\u01b0\u1edfng s\u1ed1ng c\u1ee7a \u0111\u1eddi m\u00ecnh. \u00a0T\u00f4n ch\u1ec9 c\u1ee7a \u0110o\u00e0n v\u00e0 Phong Tr\u00e0o l\u00e0 (1) S\u1ed1ng L\u1eddi Ch\u00faa v\u00e0 k\u1ebft h\u1ee3p v\u1edbi Ch\u00faa Gi\u00easu Th\u00e1nh Th\u1ec3 b\u1eb1ng C\u1ea7u Nguy\u1ec7n, R\u01b0\u1edbc L\u1ec5, Hy Sinh, v\u00e0 L\u00e0m Vi\u1ec7c T\u00f4ng \u0110\u1ed3 d\u01b0\u1edbi s\u1ef1 h\u01b0\u1edbng d\u1eabn c\u1ee7a Ch\u00faa Th\u00e1nh Th\u1ea7n, c\u00e1ch ri\u00eang l\u00e0m t\u00f4ng \u0111\u1ed3 cho gi\u1edbi tr\u1ebb: &#8220;Gi\u1edbi tr\u1ebb ph\u1ea3i l\u00e0m t\u00f4ng \u0111\u1ed3 tr\u01b0\u1edbc ti\u00ean v\u00e0 tr\u1ef1c ti\u1ebfp cho gi\u1edbi tr\u1ebb&#8221;; (2) Y\u00eau m\u1ebfn v\u00e0 t\u00f4n k\u00ednh \u0110\u1ee9c Maria M\u1eb9 Ch\u00faa C\u1ee9u Th\u1ebf, \u0111\u1ec3 nh\u1edd M\u1eb9 ch\u00fang ta \u0111\u00f3n nh\u1eadn Ch\u00faa v\u00e0 \u0111em Ch\u00faa v\u00e0o \u0111\u1eddi m\u1ed9t c\u00e1ch tuy\u1ec7t h\u1ea3o; (3) T\u00f4n k\u00ednh c\u00e1c Th\u00e1nh T\u1eed \u0110\u1ea1o Vi\u1ec7t Nam; noi g\u01b0\u01a1ng v\u00e0 n\u00ean ch\u1ee9ng t\u00e1 Tin M\u1eebng Ch\u00faa Kit\u00f4 nh\u01b0 c\u00e1c Ng\u00e0i; (4) Y\u00eau m\u1ebfn v\u00e0 v\u00e2ng ph\u1ee5c v\u1ecb \u0111\u1ea1i di\u1ec7n Ch\u00faa Kit\u00f4, l\u00e0 \u0110\u1ee9c Gi\u00e1o Ho\u00e0ng, th\u1ee7 l\u00e3nh c\u1ee7a Thi\u1ebfu Nhi Th\u00e1nh Th\u1ec3 \u0111\u1ed3ng th\u1eddi c\u1ea7u nguy\u1ec7n v\u00e0 th\u1ef1c hi\u1ec7n nh\u1eefng \u00fd ch\u1ec9 h\u1eb1ng th\u00e1ng c\u1ee7a Ng\u00e0i; (5) Th\u0103ng ti\u1ebfn con ng\u01b0\u1eddi nh\u00e2n b\u1ea3n, b\u1ea3o t\u1ed3n v\u00e0 ph\u00e1t huy truy\u1ec1n th\u1ed1ng v\u0103n h\u00f3a d\u00e2n t\u1ed9c Vi\u1ec7t Nam.<\/p>\n<p>V\u1edbi s\u1ef1 v\u01b0\u01a1n m\u00ecnh v\u00e0 thay \u0111\u1ed5i c\u1ee7a Gi\u00e1o X\u1ee9, h\u00e0nh tr\u00ecnh \u0111\u1ee9c tin v\u00e0 s\u1ef1 t\u0103ng tr\u01b0\u1edfng c\u1ee7a \u0110o\u00e0n s\u1ebd \u0111\u01b0\u1ee3c ti\u1ebfp t\u1ee5c tr\u1edf l\u1ea1i v\u00e0o th\u00e1ng 9 n\u0103m 2014.\u00a0 Nguy\u1ec7n xin Ch\u00faa Gi\u00easu Th\u00e1nh Th\u1ec3 lu\u00f4n l\u00e0 \u00e1nh \u0111u\u1ed1c soi \u0111\u01b0\u1eddng cho ch\u00fang ta ti\u1ebfn b\u01b0\u1edbc.<\/p>\n<div id=\"preNext\">\n<p id=\"nextpage\"><a title=\"Ban Ch\u1ea5p H\u00e0nh \u0110o\u00e0n \u0110o\u00e0n Ch\u00faa H\u00e0i \u0110\u1ed3ng\" href=\"http:\/\/chuahaidong.org\/?page_id=219\">Next &gt;&gt;<\/a><\/p>\n<p id=\"previous\"><a title=\"L\u1ecbch S\u1eed \u0110o\u00e0n Ch\u00faa H\u00e0i \u0110\u1ed3ng: 2000\u2019s\" href=\"http:\/\/chuahaidong.org\/?page_id=214\">&lt;&lt; Previous<\/a><\/p>\n<\/div>\n<\/div>\n","protected":false},"excerpt":{"rendered":"<p>L\u1ecbch S\u1eed \u0110o\u00e0n Ch\u00faa H\u00e0i \u0110\u1ed3ng: 2010&#8217;s N\u0103m 2010 c\u0169ng l\u00e0 n\u0103m ghi d\u1ea5u \u0110o\u00e0n Ch\u00faa H\u00e0i \u0110\u1ed3ng \u0111\u01b0\u1ee3c tr\u00f2n 25 tu\u1ed5i.\u00a0 M\u1ed9t ch\u1eb7ng \u0111\u01b0\u1eddng d\u00e0i \u0110o\u00e0n \u0111\u00e3 \u0111i qua v\u1edbi bi\u1ebft bao nhi\u00eau n\u1ed7 l\u1ef1c c\u1ee7a m\u1ecdi ng\u01b0\u1eddi, t\u1eeb qu\u00fd Cha trong Gi\u00e1o X\u1ee9, qu\u00fd v\u1ecb trong H\u1ed9i \u0110\u1ed3ng M\u1ee5c V\u1ee5, \u0111\u1ebfn m\u1ed7i em [&hellip;]<\/p>\n","protected":false},"author":2,"featured_media":0,"parent":0,"menu_order":0,"comment_status":"closed","ping_status":"closed","template":"","meta":{"footnotes":""},"class_list":["post-3056","page","type-page","status-publish","hentry"],"_links":{"self":[{"href":"https:\/\/chuahaidong.org\/index.php?rest_route=\/wp\/v2\/pages\/3056","targetHints":{"allow":["GET"]}}],"collection":[{"href":"https:\/\/chuahaidong.org\/index.php?rest_route=\/wp\/v2\/pages"}],"about":[{"href":"https:\/\/chuahaidong.org\/index.php?rest_route=\/wp\/v2\/types\/page"}],"author":[{"embeddable":true,"href":"https:\/\/chuahaidong.org\/index.php?rest_route=\/wp\/v2\/users\/2"}],"replies":[{"embeddable":true,"href":"https:\/\/chuahaidong.org\/index.php?rest_route=%2Fwp%2Fv2%2Fcomments&post=3056"}],"version-history":[{"count":1,"href":"https:\/\/chuahaidong.org\/index.php?rest_route=\/wp\/v2\/pages\/3056\/revisions"}],"predecessor-version":[{"id":3058,"href":"https:\/\/chuahaidong.org\/index.php?rest_route=\/wp\/v2\/pages\/3056\/revisions\/3058"}],"wp:attachment":[{"href":"https:\/\/chuahaidong.org\/index.php?rest_route=%2Fwp%2Fv2%2Fmedia&parent=3056"}],"curies":[{"name":"wp","href":"https:\/\/api.w.org\/{rel}","templated":true}]}}