{"id":3036,"date":"2014-12-02T13:42:01","date_gmt":"2014-12-02T05:42:01","guid":{"rendered":"http:\/\/chuahaidong.org\/?page_id=3036"},"modified":"2014-12-02T14:24:06","modified_gmt":"2014-12-02T06:24:06","slug":"ban-chap-hanh-trung-uong-2014-2018","status":"publish","type":"page","link":"https:\/\/chuahaidong.org\/?page_id=3036","title":{"rendered":"Ban Ch\u1ea5p H\u00e0nh Trung \u01af\u01a1ng 2014-2018"},"content":{"rendered":"<p><!--Main Content HTML code--><\/p>\n<div id=\"content\">\n<h2>Ban Ch\u1ea5p H\u00e0nh Trung \u01af\u01a1ng 2014-2018<\/h2>\n<h3>Ban Tuy\u00ean \u00day Trung \u01af\u01a1ng<\/h3>\n<table class=\"center\" border=\"0\">\n<thead>\n<tr>\n<th scope=\"col\">Ch\u1ee9c V\u1ee5\/Position<\/th>\n<th scope=\"col\">H\u1ecd T\u00ean\/Full Name<\/th>\n<\/tr>\n<\/thead>\n<tbody>\n<tr>\n<td>T\u1ed5ng Tuy\u00ean \u00day<\/td>\n<td>Lm. Francis Xavier Nguy\u1ec5n Thanh B\u00ecnh, SVD<\/td>\n<\/tr>\n<tr>\n<td>Ph\u00f3 T\u1ed5ng Tuy\u00ean \u00day Qu\u1ea3n Tr\u1ecb<\/td>\n<td>Lm. \u0110\u00f4minic\u00f4 Nguy\u1ec5n Tr\u1ecdng Hi\u1ebfu, SVD<\/td>\n<\/tr>\n<tr>\n<td>Ph\u00f3 T\u1ed5ng Tuy\u00ean \u00day Nghi\u00ean Hu\u1ea5n<\/td>\n<td>Lm. Phanxic\u00f4 Xavi\u00ea Tr\u1ea7n Anh V\u0169<\/td>\n<\/tr>\n<tr>\n<td>TU Ng\u00e0nh Hi\u1ec7p S\u0129<\/td>\n<td>Lm.\u00a0Giuse Ng\u00f4 \u0110\u00ecnh Th\u00f4ng, CSsR<\/td>\n<\/tr>\n<tr>\n<td>TU Ng\u00e0nh Ngh\u0129a S\u0129<\/td>\n<td>Lm.\u00a0Giuse Nguy\u1ec5n V\u0103n Th\u00e0nh<\/td>\n<\/tr>\n<tr>\n<td>TU Ng\u00e0nh Thi\u1ebfu Nhi<\/td>\n<td>Lm.\u00a0Giuse Nguy\u1ec5n Ch\u00e2u, SVD<\/td>\n<\/tr>\n<tr>\n<td>TU Ng\u00e0nh \u1ea4u Nhi<\/td>\n<td>Lm.\u00a0Bernard\u00f4 \u0110\u1eb7ng Minh Tr\u00e2n, CMC<\/td>\n<\/tr>\n<\/tbody>\n<\/table>\n<h3>Ban Ch\u1ea5p H\u00e0nh Trung \u01af\u01a1ng<\/h3>\n<table class=\"center\" border=\"0\">\n<thead>\n<tr>\n<th scope=\"col\">Ch\u1ee9c V\u1ee5\/Position<\/th>\n<th scope=\"col\">H\u1ecd T\u00ean\/Full Name<\/th>\n<\/tr>\n<\/thead>\n<tbody>\n<tr>\n<td>Ch\u1ee7 T\u1ecbch<\/td>\n<td>Tr.\u00a0Giuse \u0110\u00e0o V\u0103n \u0110\u1ee9c<\/td>\n<\/tr>\n<tr>\n<td>Ph\u00f3 Ch\u1ee7 T\u1ecbch Qu\u1ea3n Tr\u1ecb<\/td>\n<td>Tr.\u00a0Maria Goretti H\u1ed3 T\u00e2n Uy\u00ean<\/td>\n<\/tr>\n<tr>\n<td>Ph\u00f3 Ch\u1ee7 T\u1ecbch Nghi\u00ean Hu\u1ea5n<\/td>\n<td>Tr.\u00a0\u0110amin Ho\u00e0ng C\u00f4ng Th\u00e1i D\u01b0\u01a1ng<\/td>\n<\/tr>\n<tr>\n<td>T\u1ed5ng Th\u01b0 K\u00fd<\/td>\n<td>Tr.\u00a0Catarina Nguy\u1ec5n Thu\u1ef3 Nh\u00e3<\/td>\n<\/tr>\n<tr>\n<td>T\u1ed5ng Th\u1ee7 Qu\u1ef9<\/td>\n<td>Tr.\u00a0Maria V\u00f4 Nhi\u1ec5m L\u00ea Ng\u1ecdc Kh\u00e1nh<\/td>\n<\/tr>\n<tr>\n<td>UV Truy\u1ec1n Thanh<\/td>\n<td>Tr.\u00a0Giuse Nguy\u1ec5n \u0110\u1ee9c Th\u1eafnng<\/td>\n<\/tr>\n<tr>\n<td>UV Ph\u1ee5ng V\u1ee5<\/td>\n<td>Tr.\u00a0Ph\u00ear\u00f4 L\u00ea H\u00f9ng Nam Phong<\/td>\n<\/tr>\n<tr>\n<td>UV B\u00e1o Ch\u00ed<\/td>\n<td>Tr. T\u00ear\u00easa Nguy\u1ec5n H\u1ed3ng Nhung<\/td>\n<\/tr>\n<tr>\n<td>UV Truy\u1ec1n Th\u00f4ng<\/td>\n<td>Tr.\u00a0Giuse Phan Xu\u00e2n Th\u1ecbnh<\/td>\n<\/tr>\n<tr>\n<td>UV K\u1ef9 Thu\u1eadt Vi\u00a0T\u00ednh<\/td>\n<td>Tr.\u00a0Theodore Ph\u1ea1m Thi\u00ean Anh<\/td>\n<\/tr>\n<tr>\n<td>UV \u0110\u1ea1i H\u1ed9i<\/td>\n<td>Tr.\u00a0Maria Tr\u1ea7n Th\u1ecb Nhi T\u00ear\u00easa<\/td>\n<\/tr>\n<tr>\n<td>UV X\u00e3 H\u1ed9i<\/td>\n<td>Tr.\u00a0Elizabeth Ph\u1ea1m Ng\u1ecdc Chi<\/td>\n<\/tr>\n<tr>\n<td>UV Giao T\u1ebf<\/td>\n<td>Tr.\u00a0JBM Tr\u1ea7n Kh\u00e1nh D\u01b0<\/td>\n<\/tr>\n<tr>\n<td>UV V\u0103n Ngh\u1ec7<\/td>\n<td>Tr.\u00a0Maria Tr\u1ea7n Qu\u1ef3nh Tr\u00e2m<\/td>\n<\/tr>\n<tr>\n<td>UV Ng\u00e0nh \u1ea4u Nhi<\/td>\n<td>Tr.\u00a0Ph\u00earo Ho\u00e0ng C\u00f4ng Qu\u1ed1c Huy<\/td>\n<\/tr>\n<tr>\n<td>UV Ng\u00e0nh Thi\u1ebfu Nhi<\/td>\n<td>Tr.\u00a0T\u00ear\u00easa Ng\u00f4 Ng\u1ecdc Hi\u1ebfu<\/td>\n<\/tr>\n<tr>\n<td>UV Ng\u00e0nh Ngh\u0129a S\u0129<\/td>\n<td>Tr.\u00a0T\u00ear\u00easa \u0110inh Ng\u1ecdc Nga<\/td>\n<\/tr>\n<tr>\n<td>UV Ng\u00e0nh Hi\u1ec7p S\u0129<\/td>\n<td>Tr.\u00a0Giuse Nguy\u1ec5n Minh Nghi\u1ec7m<\/td>\n<\/tr>\n<\/tbody>\n<\/table>\n<p>Source: <a href=\"http:\/\/www.tntt.org\">http:\\\\www.tntt.org<\/a><\/p>\n<div id=\"preNext\">\n<p id=\"previous\"><a title=\"N\u1ed9i Quy PT\/TNTT\" href=\"http:\/\/chuahaidong.org\/?page_id=177\">&lt;&lt; Previous<\/a><\/p>\n<\/div>\n<\/div>\n","protected":false},"excerpt":{"rendered":"<p>Ban Ch\u1ea5p H\u00e0nh Trung \u01af\u01a1ng 2014-2018 Ban Tuy\u00ean \u00day Trung \u01af\u01a1ng Ch\u1ee9c V\u1ee5\/Position H\u1ecd T\u00ean\/Full Name T\u1ed5ng Tuy\u00ean \u00day Lm. Francis Xavier Nguy\u1ec5n Thanh B\u00ecnh, SVD Ph\u00f3 T\u1ed5ng Tuy\u00ean \u00day Qu\u1ea3n Tr\u1ecb Lm. \u0110\u00f4minic\u00f4 Nguy\u1ec5n Tr\u1ecdng Hi\u1ebfu, SVD Ph\u00f3 T\u1ed5ng Tuy\u00ean \u00day Nghi\u00ean Hu\u1ea5n Lm. Phanxic\u00f4 Xavi\u00ea Tr\u1ea7n Anh V\u0169 TU Ng\u00e0nh Hi\u1ec7p S\u0129 Lm.\u00a0Giuse [&hellip;]<\/p>\n","protected":false},"author":2,"featured_media":0,"parent":0,"menu_order":0,"comment_status":"closed","ping_status":"closed","template":"","meta":{"footnotes":""},"class_list":["post-3036","page","type-page","status-publish","hentry"],"_links":{"self":[{"href":"https:\/\/chuahaidong.org\/index.php?rest_route=\/wp\/v2\/pages\/3036","targetHints":{"allow":["GET"]}}],"collection":[{"href":"https:\/\/chuahaidong.org\/index.php?rest_route=\/wp\/v2\/pages"}],"about":[{"href":"https:\/\/chuahaidong.org\/index.php?rest_route=\/wp\/v2\/types\/page"}],"author":[{"embeddable":true,"href":"https:\/\/chuahaidong.org\/index.php?rest_route=\/wp\/v2\/users\/2"}],"replies":[{"embeddable":true,"href":"https:\/\/chuahaidong.org\/index.php?rest_route=%2Fwp%2Fv2%2Fcomments&post=3036"}],"version-history":[{"count":3,"href":"https:\/\/chuahaidong.org\/index.php?rest_route=\/wp\/v2\/pages\/3036\/revisions"}],"predecessor-version":[{"id":3040,"href":"https:\/\/chuahaidong.org\/index.php?rest_route=\/wp\/v2\/pages\/3036\/revisions\/3040"}],"wp:attachment":[{"href":"https:\/\/chuahaidong.org\/index.php?rest_route=%2Fwp%2Fv2%2Fmedia&parent=3036"}],"curies":[{"name":"wp","href":"https:\/\/api.w.org\/{rel}","templated":true}]}}