{"id":219,"date":"2014-09-24T01:48:35","date_gmt":"2014-09-24T01:48:35","guid":{"rendered":"http:\/\/chuahaidong.org\/?page_id=219"},"modified":"2025-05-16T17:28:17","modified_gmt":"2025-05-16T09:28:17","slug":"ban-chap-hanh-doan-doan-chua-hai-dong","status":"publish","type":"page","link":"https:\/\/chuahaidong.org\/?page_id=219","title":{"rendered":"Ban Ch\u1ea5p H\u00e0nh \u0110o\u00e0n Ch\u00faa H\u00e0i \u0110\u1ed3ng"},"content":{"rendered":"<section class=\"av_textblock_section \"  itemscope=\"itemscope\" itemtype=\"https:\/\/schema.org\/CreativeWork\" ><div class='avia_textblock  '   itemprop=\"text\" ><p><!--Main Content HTML code--><\/p>\n<div id=\"content\">\n<h2 style=\"text-align: center;\">Ban Ch\u1ea5p H\u00e0nh \u0110o\u00e0n (Executive Board) for 2025-2027:<\/h2>\n<table class=\"center\" border=\"0\">\n<thead>\n<tr>\n<th scope=\"col\">Ch\u1ee9c V\u1ee5\/Position<\/th>\n<th scope=\"col\">H\u1ecd T\u00ean\/Full Name<\/th>\n<\/tr>\n<\/thead>\n<tbody>\n<tr>\n<td>Lm Tuy\u00ean \u00day<\/td>\n<td>L.M. Gioakim \u0110\u00e0o Xu\u00e2n Th\u00e0nh<\/td>\n<\/tr>\n<tr>\n<td>\u0110o\u00e0n Tr\u01b0\u1edfng (President)<\/td>\n<td>Tr. Benedicto L\u01b0u C\u00f4ng Tu\u1ea5n<\/td>\n<\/tr>\n<tr>\n<td>Ph\u00f3 Qu\u1ea3n Tr\u1ecb (Vice President of External\/Internal Affairs)<\/td>\n<td>Tr. Rosa Tr\u1ea7n Mai Lena<\/td>\n<\/tr>\n<tr>\n<td>Ph\u00f3 Nghi\u00ean Hu\u1ea5n (Vice President of Academics\/Activities)<\/td>\n<td>Tr. Augustino Nguy\u1ec5n \u0110\u1ea1t Kenny<\/td>\n<\/tr>\n<tr>\n<td>Th\u01b0 K\u00fd (Secretary)<\/td>\n<td>\u00a0Tr. Ana Catarina Nguy\u1ec5n Ng\u1ecdc Hu\u00e2n<\/td>\n<\/tr>\n<tr>\n<td>Th\u1ee7 Qu\u1ef9 (Treasurer)<\/td>\n<td>Tr. \u0110aminh Savio Ph\u1ea1m C\u01b0\u1eddng Dominic<\/td>\n<\/tr>\n<tr>\n<td>Ng\u00e0nh Tr\u01b0\u1edfng Ng\u00e0nh \u1ea4u<\/td>\n<td>Tr. Maria Tr\u01b0\u01a1ng \u00c1i M\u1ef9<\/td>\n<\/tr>\n<tr>\n<td>Ng\u00e0nh Tr\u01b0\u1edfng Ng\u00e0nh Thi\u1ebfu<\/td>\n<td>Tr. Maria Ph\u1ea1m Ki\u1ec1u Mimi<\/td>\n<\/tr>\n<tr>\n<td>Ng\u00e0nh Tr\u01b0\u1edfng Ng\u00e0nh Ngh\u0129a<\/td>\n<td>Tr. Vincente Tr\u1ea7n Th\u00e1i Tyler<\/td>\n<\/tr>\n<tr>\n<td>Ng\u00e0nh Tr\u01b0\u1edfng Ng\u00e0nh Hi\u1ec7p S\u0129<\/td>\n<td>Tr. Augustino T\u1ea1 L\u01b0u Ng\u1ecdc Anh<\/td>\n<\/tr>\n<\/tbody>\n<\/table>\n<div id=\"preNext\">\n<p id=\"previous\"><a title=\"L\u1ecbch S\u1eed \u0110o\u00e0n Ch\u00faa H\u00e0i \u0110\u1ed3ng: 2000\u2019s\" href=\"http:\/\/chuahaidong.org\/?page_id=214\">&lt;&lt; Previous<\/a><\/p>\n<\/div>\n<\/div>\n<\/div><\/section>\n","protected":false},"excerpt":{"rendered":"","protected":false},"author":1,"featured_media":0,"parent":0,"menu_order":0,"comment_status":"closed","ping_status":"closed","template":"","meta":{"footnotes":""},"class_list":["post-219","page","type-page","status-publish","hentry"],"_links":{"self":[{"href":"https:\/\/chuahaidong.org\/index.php?rest_route=\/wp\/v2\/pages\/219","targetHints":{"allow":["GET"]}}],"collection":[{"href":"https:\/\/chuahaidong.org\/index.php?rest_route=\/wp\/v2\/pages"}],"about":[{"href":"https:\/\/chuahaidong.org\/index.php?rest_route=\/wp\/v2\/types\/page"}],"author":[{"embeddable":true,"href":"https:\/\/chuahaidong.org\/index.php?rest_route=\/wp\/v2\/users\/1"}],"replies":[{"embeddable":true,"href":"https:\/\/chuahaidong.org\/index.php?rest_route=%2Fwp%2Fv2%2Fcomments&post=219"}],"version-history":[{"count":5,"href":"https:\/\/chuahaidong.org\/index.php?rest_route=\/wp\/v2\/pages\/219\/revisions"}],"predecessor-version":[{"id":5500,"href":"https:\/\/chuahaidong.org\/index.php?rest_route=\/wp\/v2\/pages\/219\/revisions\/5500"}],"wp:attachment":[{"href":"https:\/\/chuahaidong.org\/index.php?rest_route=%2Fwp%2Fv2%2Fmedia&parent=219"}],"curies":[{"name":"wp","href":"https:\/\/api.w.org\/{rel}","templated":true}]}}