{"id":209,"date":"2014-09-24T01:46:17","date_gmt":"2014-09-24T01:46:17","guid":{"rendered":"http:\/\/chuahaidong.org\/?page_id=209"},"modified":"2014-12-02T14:54:08","modified_gmt":"2014-12-02T06:54:08","slug":"lich-su-doan-chua-hai-dong-1990s","status":"publish","type":"page","link":"https:\/\/chuahaidong.org\/?page_id=209","title":{"rendered":"L\u1ecbch S\u1eed \u0110o\u00e0n Ch\u00faa H\u00e0i \u0110\u1ed3ng: 1990&#8217;s"},"content":{"rendered":"<p><!--Main Content HTML code--><\/p>\n<div id=\"content\">\n<h2>L\u1ecbch S\u1eed \u0110o\u00e0n Ch\u00faa H\u00e0i \u0110\u1ed3ng: 1990&#8217;s<\/h2>\n<p>V\u00e0 sau \u0111\u00f3 H\u1ed9i \u00d0\u1ed3ng Huynh Tr\u01b0\u1edfng b\u1ea7u l\u1ea1i BTV nhi\u1ec7m k\u1ef3 7\/1990 &#8211; 7\/1992 v\u1edbi th\u00e0nh ph\u1ea7n Huynh Tr\u01b0\u1edfng:<\/p>\n<ul id=\"about\">\n<li>\u00d0o\u00e0n Tr\u01b0\u1edfng: Inhaxi\u00f4 Nguy\u1ec5n Quang Kh\u00e2m<\/li>\n<li>Ph\u00f3 N\u1ed9i V\u1ee5 Gioan Baotixita Tr\u1ea7n \u00d0\u00ecnh Th\u1ecd<\/li>\n<li>Ph\u00f3 Ngo\u1ea1i V\u1ee5: Giuse Nguy\u1ec5n V\u0103n C\u01b0\u1eddng<\/li>\n<li>Ph\u00f3 Nghi\u00ean Hu\u1ea5n: Gioan B. V\u00f5 Minh Ho\u00e0ng<\/li>\n<li>Th\u01b0 K\u00fd: Giuse L\u00ea V\u0103n Ph\u1ee5ng<\/li>\n<li>Th\u1ee7 Qu\u1ef9: Catarina Nguy\u1ec5n Th\u1ecb Th\u00f9y Nh\u00e3<\/li>\n<\/ul>\n<p>Th\u1eddi gian n\u00e0y \u0111\u00e1nh d\u1ea5u b\u01b0\u1edbc ti\u1ebfn v\u1eefng m\u1ea1nh c\u1ee7a \u0110o\u00e0n v\u1ec1 m\u1ecdi ph\u01b0\u01a1ng di\u1ec7n. V\u1ec1 t\u1ed5ng s\u1ed1: \u0111o\u00e0n sinh 200 em, Huynh Tr\u01b0\u1edfng 30 anh ch\u1ecb. V\u1ec1 ph\u1ee5ng v\u1ee5: Ca \u00d0o\u00e0n TNTT \u0111\u01b0\u1ee3c ch\u00ednh th\u1ee9c th\u00e0nh l\u1eadp v\u00e0 ph\u00e1t tri\u1ec3n d\u01b0\u1edbi s\u1ef1 \u0111i\u1ec1u khi\u1ec3n c\u1ee7a anh ca tr\u01b0\u1edfng: Tr\u01b0\u1edfng Banab\u00ea Nguy\u1ec5n V\u0103n Duy\u1ec7t. V\u1ec1 m\u1eb7t ph\u1ee5 huynh, m\u1ed9t ban \u0111\u1ea1i di\u1ec7n h\u00f9ng h\u1ed3n g\u1ed3m nh\u1eefng ph\u1ee5 huynh t\u1eeb c\u00e1c c\u1ed9ng \u0111o\u00e0n \u0111\u1ecba ph\u01b0\u01a1ng \u0111\u01b0\u1ee3c Cha Tuy\u00ean \u00day m\u1eddi g\u1ecdi \u0111\u1ec3 tr\u1ef1c ti\u1ebfp gi\u00fap \u0111\u1ee1 cho \u00d0o\u00e0n. Ch\u1ee9c v\u1ee5 Tr\u1ee3 T\u00e1 c\u0169ng \u0111\u01b0\u1ee3c \u0111i\u1ec1n khuy\u1ebft. Cha Tuy\u00ean \u00day \u00d0o\u00e0n b\u1ed5 nhi\u1ec7m anh Gioan Baotixita. Nguy\u1ec5n Ti\u1ebfn D\u0169ng l\u00e0m Tr\u1ee3 T\u00e1 cho \u00d0o\u00e0n. C\u0169ng th\u1eddi gian n\u00e0y, Li\u00ean To\u00e1n Hi\u1ec7p S\u0129 Th\u00e1nh Th\u1ec3 Emanuel Ph\u1ee5ng \u0111\u01b0\u1ee3c th\u00e0nh l\u1eadp \u0111\u1ec3 \u0111\u00e1p \u1ee9ng nhu c\u1ea7u sinh ho\u1ea1t cho m\u1ecdi l\u1ee9a tu\u1ed5i, \u0111\u1ed3ng th\u1eddi Ng\u00e0nh Hi\u1ec7p S\u0129 Th\u00e1nh Th\u1ec3 c\u0169ng l\u00e0 n\u01a1i \u0111\u00e0o t\u1ea1o c\u00e1c D\u1ef1 Tr\u01b0\u1edfng v\u00e0 Huynh Tr\u01b0\u1edfng cho \u00d0o\u00e0n. Tr\u1ef1c ti\u1ebfp \u0111i\u1ec1u h\u00e0nh Li\u00ean To\u00e1n g\u1ed3m nh\u1eefng Tr\u01b0\u1edfng:<\/p>\n<ul id=\"about\">\n<li>Li\u00ean To\u00e1n Tr\u01b0\u1edfng: Banab\u00ea Nguy\u1ec5n V\u0103n Duy\u1ec7t<\/li>\n<li>Li\u00ean To\u00e1n Ph\u00f3 Giuse Nguy\u1ec5n Ti\u1ebfn D\u0169ng<\/li>\n<li>To\u00e1n Tr\u01b0\u1edfng I: Gioan B. V\u00f5 Minh Ho\u00e0ng<\/li>\n<li>To\u00e1n Tr\u01b0\u1edfng II: Giuse Nguy\u1ec5n V\u0103n C\u01b0\u1eddng<\/li>\n<li>Th\u01b0 K\u00fd &amp; Th\u1ee7 Qu\u1ef9: T\u00ear\u00easa Nguy\u1ec5n H\u1ed3ng Nhung<\/li>\n<\/ul>\n<p>V\u1ec1 m\u1eb7t hu\u1ea5n luy\u1ec7n Huynh Tr\u01b0\u1edfng, \u00d0o\u00e0n \u0111\u00e3 t\u1ed5 ch\u1ee9c Sa M\u1ea1c D\u1ef1 Tr\u01b0\u1edfng, hai Sa M\u1ea1c c\u1ea5p I do Cha Anphong Tr\u1ea7n \u00d0\u1ee9c Ph\u01b0\u01a1ng l\u00e0m Sa M\u1ea1c Tr\u01b0\u1edfng.\u00a0 V\u00e0 m\u1ed9t Sa M\u1ea1c c\u1ea5p II, do Ba Nghi\u00ean Hu\u1ea5n Trung \u01af\u01a1ng v\u1ec1 hu\u1ea5n luy\u1ec7n.\u00a0 Nhi\u1ec7m K\u1ef3 BTV 2\/1992 &#8211; 2\/1994 v\u1edbi th\u00e0nh ph\u1ea7n Huynh Tr\u01b0\u1edfng:<\/p>\n<ul id=\"about\">\n<li>\u00d0o\u00e0n Tr\u01b0\u1edfng: Inhaxi\u00f4 Nguy\u1ec5n Quang Kh\u00e2m<\/li>\n<li>Ph\u00f3 N\u1ed9i V\u1ee5: T\u00ear\u00easa Ph\u1ea1m Th\u1ecb M\u1ed9ng Tuy\u1ec1n<\/li>\n<li>Ph\u00f3 Ngo\u1ea1i V\u1ee5: Giuse Nguy\u1ec5n V\u0103n C\u01b0\u1eddng<\/li>\n<li>Ph\u00f3 Nghi\u00ean Hu\u1ea5n: Gioan Baotixita Tr\u1ea7n \u00d0\u00ecnh Th\u1ecd<\/li>\n<li>Th\u01b0 K\u00fd: Giuse L\u00ea V\u0103n Ph\u1ee5ng<\/li>\n<li>Th\u1ee7 Qu\u1ef9: Catarina Nguy\u1ec5n Th\u1ecb Th\u00f9y Nh\u00e3<\/li>\n<\/ul>\n<p>M\u00f9a h\u00e8 n\u0103m 1992 H\u1ed9i \u00d0\u1ed3ng Huynh Tr\u01b0\u1edfng \u00d0o\u00e0n Ch\u00faa H\u00e0i \u00d0\u1ed3ng, \u0111\u01b0\u1ee3c c\u1ed9ng \u0111\u1ed3ng v\u00e0 \u00d0o\u00e0n b\u1ea3o tr\u1ee3, h\u01a1n 40 Huynh Tr\u01b0\u1edfng v\u00e0 Hi\u1ec7p S\u0129 Th\u00e1nh Th\u1ec3 \u0111i tham d\u1ef1 \u00d0\u1ea1i H\u1ed9i Huynh Tr\u01b0\u1edfng To\u00e0n Qu\u1ed1c V\u1ec1 \u00d0\u1ea5t H\u1ee9a II t\u1ea1i Orange County, California t\u1eeb ng\u00e0y 2 \u0111\u1ebfn ng\u00e0y 5 th\u00e1ng 7, n\u0103m 1992. \u00a0Sau m\u1ed9t n\u0103m sinh ho\u1ea1t h\u0103ng say, Tr\u01b0\u1edfng Kh\u00e2m v\u00ec l\u00fd do \u0111i xa n\u00ean t\u1eeb ch\u1ee9c, Tr\u01b0\u1edfng C\u01b0\u1eddng c\u0169ng t\u1eeb ch\u1ee9c \u0111\u1ec3 chu\u1ea9n b\u1ecb cho \u01a1n g\u1ecdi thi\u00ean tri\u1ec7u, theo g\u01b0\u01a1ng Anh C\u1ea3 Gi\u00easu v\u00e0o nh\u00e0 t\u1eadp D\u00f2ng T\u00ean, c\u00e1c Tr\u01b0\u1edfng kh\u00e1c c\u0169ng v\u00ec ho\u00e0n c\u1ea3nh c\u00e1 nh\u00e2n n\u00ean c\u0169ng t\u1ea1m ngh\u1ec9.\u00a0 Thay th\u1ebf v\u00e0o \u0111\u00f3 m\u1ed9t BTV m\u1edbi ti\u1ebfp t\u1ee5c cho \u0111\u1ebfn h\u1ebft nhi\u1ec7m k\u1ef3 v\u1edbi th\u00e0nh ph\u1ea7n Huynh Tr\u01b0\u1edfng:<\/p>\n<ul id=\"about\">\n<li>\u00d0o\u00e0n Tr\u01b0\u1edfng: Gioan Baotixita Tr\u1ea7n \u00d0\u00ecnh Th\u1ecd<\/li>\n<li>Ph\u00f3 N\u1ed9i V\u1ee5: Gioan B. V\u00f5 Minh Ho\u00e0ng<\/li>\n<li>Ph\u00f3 Ngo\u1ea1i V\u1ee5: Giuse L\u00ea V\u0103n Ph\u1ee5ng<\/li>\n<li>Ph\u00f3 Nghi\u00ean Hu\u1ea5n: Giuse Tr\u1ea7n Trung Hi\u1ebfu<\/li>\n<li>Th\u01b0 K\u00fd: T\u00ear\u00easa Ph\u1ea1m Th\u1ecb Th\u1ee7y Trang<\/li>\n<li>Th\u1ee7 Qu\u1ef9: Maria Nguy\u1ec5n Thy H\u01b0\u01a1ng<\/li>\n<\/ul>\n<p>Trong n\u0103m nay H\u1ed9i \u00d0\u1ed3ng Huynh Tr\u01b0\u1edfng \u0111\u01b0\u1ee3c s\u1ef1 ch\u1ea5p thu\u1eadn c\u1ee7a Cha Tuy\u00ean \u00day, \u0111\u00e3 so\u1ea1n th\u1ea3o cu\u1ed1n N\u1ed9i Quy ri\u00eang cho \u00d0o\u00e0n.\u00a0 \u00d0\u00e2y l\u00e0 m\u1ed9t n\u1ed7 l\u1ef1c c\u1ee7a c\u00e1c Tr\u01b0\u1edfng, nh\u1edd \u0111\u00f3 vi\u1ec7c \u0111i\u1ec1u h\u00e0nh \u0111\u01b0\u1ee3c ki\u1ec7n to\u00e0n c\u0169ng nh\u01b0 h\u00e0nh ch\u00e1nh \u0111\u01b0\u1ee3c c\u1eadp nh\u1eadp h\u00f3a h\u1eefu hi\u1ec7u h\u01a1n. BTV nhi\u1ec7m k\u1ef3 2\/1994 &#8211; 2\/1996 v\u1edbi th\u00e0nh ph\u1ea7n Huynh Tr\u01b0\u1edfng:<\/p>\n<ul id=\"about\">\n<li>\u00d0o\u00e0n Tr\u01b0\u1edfng: Giuse L\u00ea V\u0103n Ph\u1ee5ng<\/li>\n<li>Ph\u00f3 N\u1ed9i V\u1ee5: T\u00ear\u00easa Ph\u1ea1m Th\u1ecb Th\u1ee7y Trang<\/li>\n<li>Ph\u00f3 Ngo\u1ea1i V\u1ee5: Maria Nguy\u1ec5n H\u01b0\u01a1ng Huy\u1ec1n<\/li>\n<li>Ph\u00f3 Nghi\u00ean Hu\u1ea5n: Giuse Nguy\u1ec5n Minh Th\u1ecd<\/li>\n<li>Th\u01b0 K\u00fd: Giuse Chu Th\u1ecb M\u1ed9ng \u00d0i\u1ec7p<\/li>\n<li>Th\u1ee7 Qu\u1ef9: Phaol\u00f4 Nguy\u1ec5n Duy Nh\u1eadt<\/li>\n<\/ul>\n<p>T\u1ed5ng s\u1ed1 \u00d0o\u00e0n ng\u00e0y c\u00e0ng gia t\u0103ng, l\u00ean \u0111\u1ebfn kho\u1ea3ng 250 \u0111o\u00e0n vi\u00ean v\u00e0 25 Huynh Tr\u01b0\u1edfng.\u00a0 V\u1ea5n \u0111\u1ec1 ph\u00f2ng \u1ed1c l\u00e0 tr\u1edf ng\u1ea1i l\u1edbn cho \u00d0o\u00e0n, nh\u1ea5t l\u00e0 nh\u1eefng th\u00e1ng m\u00f9a \u0111\u00f4ng.\u00a0 H\u1ed9i \u00d0\u1ed3ng Huynh Tr\u01b0\u1edfng \u0111\u01b0\u1ee3c s\u1ef1 ch\u1ea5p thu\u1eadn c\u1ee7a Cha Tuy\u00ean \u00day cho c\u00e1c em \u0111\u01b0\u1ee3c ngh\u1ec9 sinh ho\u1ea1t v\u00e0o m\u00f9a \u0111\u00f4ng t\u1eeb cu\u1ed1i th\u00e1ng 12 \u0111\u1ebfn cu\u1ed1i th\u00e1ng 3.\u00a0 L\u1ea1i m\u1ed9t l\u1ea7n n\u1eefa v\u00ec l\u00fd do c\u00e1 nh\u00e2n, Tr\u01b0\u1edfng Ph\u1ee5ng v\u00e0 Tr\u01b0\u1edfng Huy\u1ec1n \u0111\u00e3 trao ch\u1ee9c v\u1ee5 l\u1ea1i cho \u00d0o\u00e0n.\u00a0 Tr\u01b0\u1edfng Th\u1ecd \u0111\u01b0\u1ee3c \u0111\u1ec1 c\u1eed v\u00e0o ch\u1ee9c v\u1ee5 \u00d0o\u00e0n Tr\u01b0\u1edfng.\u00a0 Tr\u01b0\u1edfng Ho\u00e0ng \u0111\u01b0\u1ee3c \u0111\u1ec1 c\u1eed v\u00e0o ch\u1ee9c v\u1ee5 Ph\u00f3 Ngo\u1ea1i V\u1ee5 ti\u1ebfp t\u1ee5c cho \u0111\u1ebfn h\u1ebft nhi\u1ec7m k\u1ef3.<\/p>\n<p>\u00d0\u1ec3 chu\u1ea9n b\u1ecb m\u1eebng 10 n\u0103m th\u00e0nh l\u1eadp \u0111o\u00e0n, H\u1ed9i \u00d0\u1ed3ng Huynh Tr\u01b0\u1edfng \u0111\u00e3 t\u00edch c\u1ef1c ki\u1ec7n to\u00e0n \u0111\u1ed3ng ph\u1ee5c cho to\u00e0n \u0111o\u00e0n, th\u1ef1c hi\u1ec7n th\u1ebb \u0111o\u00e0n vi\u00ean, th\u1ef1c hi\u1ec7n k\u1ef7 y\u1ebfu..vv&#8230; V\u1ec1 m\u1eb7t tinh th\u1ea7n, \u00d0o\u00e0n \u0111\u01b0\u1ee3c s\u1ef1 kh\u00edch l\u1ec7 l\u1edbn lao v\u1edbi m\u1ed9t Sa M\u1ea1c Tr\u1ee3 T\u00e1 Samaritan\u00f4 I \u0111\u01b0\u1ee3c t\u1ed5 ch\u1ee9c ng\u00e0y 6 v\u00e0 7 th\u00e1ng 10 n\u0103m 1995 t\u1ea1i gi\u00e1o x\u1ee9 Saint Jude, Redmond, do Ban Nghi\u00ean Hu\u1ea5n Trung \u01af\u01a1ng hu\u1ea5n luy\u1ec7n.\u00a0 K\u1ebft qu\u1ea3 \u0111\u00e3 quy t\u1ee5 \u0111\u01b0\u1ee3c 10 Tr\u1ee3 T\u00e1 cho \u00d0o\u00e0n. M\u00f9a xu\u00e2n 1996 H\u1ed9i \u00d0o\u00e0n Huynh Tr\u01b0\u1edfng b\u1ea7u BTV m\u1edbi cho nhi\u1ec7m k\u1ef3 1996 &#8211; 1998 v\u1edbi th\u00e0nh ph\u1ea7n Huynh Tr\u01b0\u1edfng:<\/p>\n<ul id=\"about\">\n<li>\u00d0o\u00e0n Tr\u01b0\u1edfng: \u00d0aminh Nguy\u1ec5n H\u1ed3ng Lu\u1eadt<\/li>\n<li>Ph\u00f3 N\u1ed9i V\u1ee5: T\u00ear\u00easa Ph\u1ea1m Th\u1ecb Th\u1ee7y Trang<\/li>\n<li>Ph\u00f3 Ngo\u1ea1i V\u1ee5: Giuse Ph\u1ea1m \u00d0. Quang Trung<\/li>\n<li>Ph\u00f3 Nghi\u00ean Hu\u1ea5n: Marie &#8211; Giuse Nguy\u1ec5n Ph\u00f9ng Qu\u1ed1c Thi\u1ec7u<\/li>\n<li>Th\u01b0 K\u00fd: Anna L\u00ea Kim H\u01b0\u1eddng<\/li>\n<li>Th\u1ee7 Qu\u1ef9: T\u00ear\u00easa Nguy\u1ec5n H\u1ed3ng Nhung<\/li>\n<\/ul>\n<p>Sau m\u1ed9t th\u1eddi gian l\u00e0m vi\u1ec7c h\u0103ng say, m\u1ed9t s\u1ed1 anh ch\u1ecb trong BTV xin t\u1ea1m ngh\u1ec9 sinh ho\u1ea1t, \u0111\u1ec3 l\u1ea1i ch\u1ed7 khuy\u1ebft th\u1eadt l\u1edbn cho \u00d0o\u00e0n.\u00a0 Ng\u00e0y th\u00e1ng kh\u00f3 kh\u0103n r\u1ed3i c\u0169ng tr\u00f4i qua v\u1edbi nh\u1eefng \u0111\u1ed5i m\u1edbi, v\u00e0 \u0111\u1eb7t bi\u1ec7t nh\u1ea5t l\u00e0 Ch\u00faa \u0111\u00e3 th\u01b0\u01a1ng ban cho C\u1ed9ng \u00d0\u1ed3ng C\u00f4ng Gi\u00e1o C\u00e1c Th\u00e1nh T\u1eed \u00d0\u1ea1o Vi\u1ec7t Nam th\u00eam m\u1ed9t Linh M\u1ee5c Ph\u1ee5 t\u00e1, Cha Francis Nguy\u1ec5n S\u01a1n Mi\u00ean.\u00a0 Ngay sau khi \u0111\u1ebfn l\u00e0m vi\u1ec7c t\u1ea1i Seattle v\u00e0o m\u00f9a thu n\u0103m 1997, Cha Mi\u00ean \u0111\u00e3 vui v\u1ebb nh\u1eadn l\u1eddi qua ph\u1ea7n nghi th\u1ee9c tuy\u00ean h\u1ee9a th\u1eadt c\u1ea3m \u0111\u1ed9ng, Cha Mi\u00ean \u0111\u00e3 mang tr\u00ean vai kh\u0103n qu\u00e0ng Tuy\u00ean \u00day.\u00a0 V\u00e0 t\u1eeb \u0111\u00f3 Cha \u0111\u00e3 y\u00eau th\u01b0\u01a1ng d\u00ecu d\u1eaft \u00d0o\u00e0n trong m\u1ecdi sinh ho\u1ea1t.\u00a0 M\u1ed9t BTV m\u1edbi \u0111\u01b0\u1ee3c b\u1ea7u l\u00ean cho nhi\u1ec7m k\u1ef3 1998 &#8211; 2000 v\u1edbi th\u00e0nh ph\u1ea7n Huynh Tr\u01b0\u1edfng:<\/p>\n<ul id=\"about\">\n<li>\u00d0o\u00e0n Tr\u01b0\u1edfng: Marie &#8211; Giuse Nguy\u1ec5n Ph\u00f9ng Qu\u1ed1c Thi\u1ec7u<\/li>\n<li>Ph\u00f3 N\u1ed9i V\u1ee5: Anna L\u00ea Kim H\u01b0\u1eddng<\/li>\n<li>Ph\u00f3 Ngo\u1ea1i V\u1ee5: Gioan B. V\u00f5 Minh Ho\u00e0ng<\/li>\n<li>Ph\u00f3 Nghi\u00ean Hu\u1ea5n: Giuse Tr\u1ea7n Trung Hi\u1ebfu<\/li>\n<li>Th\u01b0 K\u00fd: Nguy\u1ec5n M\u1ea1nh Anh Duy<\/li>\n<li>Th\u1ee7 Qu\u1ef9: Maria Tr\u1ea7n Song H\u00e0<\/li>\n<\/ul>\n<p>Sau m\u1ed9t th\u1eddi gian ng\u1eafn Tr. Ho\u00e0ng v\u00ec b\u1eadn vi\u1ec7c gia \u0111\u00ecnh xin t\u1ea1m v\u1eafng m\u1eb7t. Tr\u01b0\u1edfng Hi\u1ebfu c\u0169ng b\u1eadn vi\u1ec7c n\u00ean \u00d0o\u00e0n \u0111\u00e3 \u0111\u1ec1 c\u1ee7 Tr. Ph\u00ear\u00f4 Nguy\u1ec5n H\u1ea3i \u00d0\u0103ng Khoa thay th\u1ebf. \u00d0i\u1ec3m n\u1ed5i b\u1eadt nh\u1ea5t trong nhi\u1ec7m kh\u00f3a n\u00e0y l\u00e0 r\u1ea5t \u0111\u00f4ng ph\u1ee5 huynh \u0111\u00e3 t\u00edch c\u1ef1c tham gia v\u00e0o c\u00e1c sinh ho\u1ea1t c\u1ee7a \u00d0o\u00e0n. Nh\u1ea5t l\u00e0 ph\u1ee5 huynh c\u00e1c em Ng\u00e0nh \u1ea4u Nhi. M\u00f9a h\u00e8 n\u0103m 1998 Phong Tr\u00e0o TNTT\/VN\/HK t\u1ed5 ch\u1ee9c \u00d0\u1ea1i H\u1ed9i Huynh Tr\u01b0\u1edfng to\u00e0n qu\u1ed1c k\u1ef3 III t\u1ea1i\u00a0Chapman University mi\u1ec1n nam California.\u00a0 Kho\u1ea3ng 40 Tr\u01b0\u1edfng thu\u1ed9c \u00d0o\u00e0n Ch\u00faa H\u00e0i \u00d0\u1ed3ng Seattle Mi\u1ec1n T\u00e2y B\u1eafc \u0111\u00e3 v\u1ec1 tham d\u1ef1 \u00d0\u1ea1i H\u1ed9i v\u00e0 th\u00e0nh qu\u1ea3 \u0111\u1ea1t \u0111\u01b0\u1ee3c l\u00e0 gi\u1ea3i nh\u00ec tri\u1ec3n l\u00e3m, gi\u1ea3i nh\u00ec h\u00f3a trang.\u00a0 \u0110\u00f3 l\u00e0 m\u1ed9t vinh d\u1ef1 l\u1edbn cho Mi\u1ec1n v\u00e0 c\u00e1ch ri\u00eang cho \u00d0o\u00e0n Ch\u00faa H\u00e0i \u00d0\u1ed3ng Seattle. V\u00e0o cu\u1ed1i nhi\u1ec7m kh\u00f3a n\u00e0y, c\u0169ng v\u00e0o l\u00fac \u00d0o\u00e0n Tr\u01b0\u1edfng Nguy\u1ec5n Ph\u00f9ng Qu\u1ed1c Thi\u1ec7u t\u1ed1t nghi\u1ec7p B\u00e1c S\u0129 v\u00e0 \u0111i nh\u1eadn vi\u1ec7c n\u1edbi xa.<\/p>\n<div id=\"preNext\">\n<p id=\"nextpage\"><a title=\"L\u1ecbch S\u1eed \u0110o\u00e0n Ch\u00faa H\u00e0i \u0110\u1ed3ng: 2000\u2019s\" href=\"http:\/\/chuahaidong.org\/?page_id=214\">Next &gt;&gt;<\/a><\/p>\n<p id=\"previous\"><a title=\"L\u1ecbch S\u1eed \u0110o\u00e0n Ch\u00faa H\u00e0i \u0110\u1ed3ng: 1980\u2019s\" href=\"http:\/\/chuahaidong.org\/?page_id=205\">&lt;&lt; Previous<\/a><\/p>\n<\/div>\n<\/div>\n","protected":false},"excerpt":{"rendered":"<p>L\u1ecbch S\u1eed \u0110o\u00e0n Ch\u00faa H\u00e0i \u0110\u1ed3ng: 1990&#8217;s V\u00e0 sau \u0111\u00f3 H\u1ed9i \u00d0\u1ed3ng Huynh Tr\u01b0\u1edfng b\u1ea7u l\u1ea1i BTV nhi\u1ec7m k\u1ef3 7\/1990 &#8211; 7\/1992 v\u1edbi th\u00e0nh ph\u1ea7n Huynh Tr\u01b0\u1edfng: \u00d0o\u00e0n Tr\u01b0\u1edfng: Inhaxi\u00f4 Nguy\u1ec5n Quang Kh\u00e2m Ph\u00f3 N\u1ed9i V\u1ee5 Gioan Baotixita Tr\u1ea7n \u00d0\u00ecnh Th\u1ecd Ph\u00f3 Ngo\u1ea1i V\u1ee5: Giuse Nguy\u1ec5n V\u0103n C\u01b0\u1eddng Ph\u00f3 Nghi\u00ean Hu\u1ea5n: Gioan B. V\u00f5 Minh [&hellip;]<\/p>\n","protected":false},"author":1,"featured_media":0,"parent":40,"menu_order":0,"comment_status":"closed","ping_status":"closed","template":"","meta":{"footnotes":""},"class_list":["post-209","page","type-page","status-publish","hentry"],"_links":{"self":[{"href":"https:\/\/chuahaidong.org\/index.php?rest_route=\/wp\/v2\/pages\/209","targetHints":{"allow":["GET"]}}],"collection":[{"href":"https:\/\/chuahaidong.org\/index.php?rest_route=\/wp\/v2\/pages"}],"about":[{"href":"https:\/\/chuahaidong.org\/index.php?rest_route=\/wp\/v2\/types\/page"}],"author":[{"embeddable":true,"href":"https:\/\/chuahaidong.org\/index.php?rest_route=\/wp\/v2\/users\/1"}],"replies":[{"embeddable":true,"href":"https:\/\/chuahaidong.org\/index.php?rest_route=%2Fwp%2Fv2%2Fcomments&post=209"}],"version-history":[{"count":5,"href":"https:\/\/chuahaidong.org\/index.php?rest_route=\/wp\/v2\/pages\/209\/revisions"}],"predecessor-version":[{"id":3054,"href":"https:\/\/chuahaidong.org\/index.php?rest_route=\/wp\/v2\/pages\/209\/revisions\/3054"}],"up":[{"embeddable":true,"href":"https:\/\/chuahaidong.org\/index.php?rest_route=\/wp\/v2\/pages\/40"}],"wp:attachment":[{"href":"https:\/\/chuahaidong.org\/index.php?rest_route=%2Fwp%2Fv2%2Fmedia&parent=209"}],"curies":[{"name":"wp","href":"https:\/\/api.w.org\/{rel}","templated":true}]}}