{"id":20,"date":"2014-09-12T06:43:06","date_gmt":"2014-09-12T06:43:06","guid":{"rendered":"http:\/\/chuahaidong.org\/?page_id=20"},"modified":"2025-05-16T20:06:32","modified_gmt":"2025-05-16T12:06:32","slug":"thieu-nhi","status":"publish","type":"page","link":"https:\/\/chuahaidong.org\/?page_id=20","title":{"rendered":"Thi\u1ebfu Nhi"},"content":{"rendered":"<section class=\"av_textblock_section \"  itemscope=\"itemscope\" itemtype=\"https:\/\/schema.org\/CreativeWork\" ><div class='avia_textblock  '   itemprop=\"text\" ><p><!--Main Content HTML code--><\/p>\n<div id=\"content2\">\n<h2 style=\"color: #1e47a9; text-align: center; font-size: 36px;\">Thi\u1ebfu Nhi: Hy Sinh<\/h2>\n<\/div>\n<\/div><\/section>\n<section class=\"av_textblock_section \"  itemscope=\"itemscope\" itemtype=\"https:\/\/schema.org\/CreativeWork\" ><div class='avia_textblock  '   itemprop=\"text\" ><h6 style=\"font-weight: 400; font-size: 18px; text-align: center;\">This Ng\u00e0nh (division\/branch), represented by the color Blue, symbolizes their uniqueness and identity with great hope of life. Blue also symbolizes the ocean, which is vast and can be unpredictable at times with what lies ahead. Youth in Ng\u00e0nh Thi\u1ebfu Nhi are typically between the ages of 10-12, and learn more about the importance of prayer and the Eucharist.<\/h6>\n<\/div><\/section>\n<div   class='hr hr-default   avia-builder-el-2  el_after_av_textblock  el_before_av_one_third '><span class='hr-inner ' ><span class='hr-inner-style'><\/span><\/span><\/div>\n<div class=\"flex_column av_one_third  flex_column_div av-zero-column-padding first  avia-builder-el-3  el_after_av_hr  el_before_av_one_third  \" style='border-radius:0px; '><section class=\"av_textblock_section \"  itemscope=\"itemscope\" itemtype=\"https:\/\/schema.org\/CreativeWork\" ><div class='avia_textblock  '   itemprop=\"text\" ><p><img loading=\"lazy\" decoding=\"async\" class=\"size-medium wp-image-5329 aligncenter\" src=\"https:\/\/chuahaidong.org\/wp-content\/uploads\/IMG_5010-1-300x182.jpg\" alt=\"\" width=\"300\" height=\"182\" srcset=\"https:\/\/chuahaidong.org\/wp-content\/uploads\/IMG_5010-1-300x182.jpg 300w, https:\/\/chuahaidong.org\/wp-content\/uploads\/IMG_5010-1-1030x624.jpg 1030w, https:\/\/chuahaidong.org\/wp-content\/uploads\/IMG_5010-1-768x466.jpg 768w, https:\/\/chuahaidong.org\/wp-content\/uploads\/IMG_5010-1-1536x931.jpg 1536w, https:\/\/chuahaidong.org\/wp-content\/uploads\/IMG_5010-1-1500x909.jpg 1500w, https:\/\/chuahaidong.org\/wp-content\/uploads\/IMG_5010-1-705x427.jpg 705w, https:\/\/chuahaidong.org\/wp-content\/uploads\/IMG_5010-1.jpg 1729w\" sizes=\"auto, (max-width: 300px) 100vw, 300px\" \/><\/p>\n<\/div><\/section><\/div>\n<div class=\"flex_column av_one_third  flex_column_div av-zero-column-padding   avia-builder-el-5  el_after_av_one_third  el_before_av_one_third  \" style='border-radius:0px; '><section class=\"av_textblock_section \"  itemscope=\"itemscope\" itemtype=\"https:\/\/schema.org\/CreativeWork\" ><div class='avia_textblock  '   itemprop=\"text\" ><p><img loading=\"lazy\" decoding=\"async\" class=\"alignnone size-medium wp-image-5330 aligncenter\" src=\"https:\/\/chuahaidong.org\/wp-content\/uploads\/IMG_5011-1-300x182.jpg\" alt=\"\" width=\"300\" height=\"182\" srcset=\"https:\/\/chuahaidong.org\/wp-content\/uploads\/IMG_5011-1-300x182.jpg 300w, https:\/\/chuahaidong.org\/wp-content\/uploads\/IMG_5011-1-768x465.jpg 768w, https:\/\/chuahaidong.org\/wp-content\/uploads\/IMG_5011-1-705x427.jpg 705w, https:\/\/chuahaidong.org\/wp-content\/uploads\/IMG_5011-1.jpg 990w\" sizes=\"auto, (max-width: 300px) 100vw, 300px\" \/><\/p>\n<\/div><\/section><\/div>\n<div class=\"flex_column av_one_third  flex_column_div av-zero-column-padding   avia-builder-el-7  el_after_av_one_third  el_before_av_hr  \" style='border-radius:0px; '><section class=\"av_textblock_section \"  itemscope=\"itemscope\" itemtype=\"https:\/\/schema.org\/CreativeWork\" ><div class='avia_textblock  '   itemprop=\"text\" ><p><img loading=\"lazy\" decoding=\"async\" class=\"alignnone wp-image-5360 aligncenter\" src=\"https:\/\/chuahaidong.org\/wp-content\/uploads\/IMG_5012-1-300x191.jpg\" alt=\"\" width=\"287\" height=\"183\" srcset=\"https:\/\/chuahaidong.org\/wp-content\/uploads\/IMG_5012-1-300x191.jpg 300w, https:\/\/chuahaidong.org\/wp-content\/uploads\/IMG_5012-1-1030x655.jpg 1030w, https:\/\/chuahaidong.org\/wp-content\/uploads\/IMG_5012-1-768x489.jpg 768w, https:\/\/chuahaidong.org\/wp-content\/uploads\/IMG_5012-1-1536x977.jpg 1536w, https:\/\/chuahaidong.org\/wp-content\/uploads\/IMG_5012-1-1500x955.jpg 1500w, https:\/\/chuahaidong.org\/wp-content\/uploads\/IMG_5012-1-705x449.jpg 705w, https:\/\/chuahaidong.org\/wp-content\/uploads\/IMG_5012-1.jpg 2024w\" sizes=\"auto, (max-width: 287px) 100vw, 287px\" \/><\/p>\n<\/div><\/section><\/div>\n<div   class='hr hr-default   avia-builder-el-9  el_after_av_one_third  el_before_av_textblock '><span class='hr-inner ' ><span class='hr-inner-style'><\/span><\/span><\/div>\n<section class=\"av_textblock_section \"  itemscope=\"itemscope\" itemtype=\"https:\/\/schema.org\/CreativeWork\" ><div class='avia_textblock  '   itemprop=\"text\" ><h2 style=\"text-align: center; color: #1e47a9;\">IMPORTANT THI\u1ebeU NHI ANNOUNCEMENTS<\/h2>\n<\/div><\/section>\n<div  class=\"togglecontainer  av-minimal-toggle toggle_close_all  avia-builder-el-11  el_after_av_textblock  el_before_av_hr \" >\n<section class=\"av_toggle_section\"  itemscope=\"itemscope\" itemtype=\"https:\/\/schema.org\/CreativeWork\"  >    <div role=\"tablist\" class=\"single_toggle\" data-tags=\"{All} \"  >        <p data-fake-id=\"#toggle-id-1\" class=\"toggler activeTitle\"  itemprop=\"headline\"    role=\"tab\" tabindex=\"0\" aria-controls=\"toggle-id-1-container\">C\u1ea5p 3 Overnight &amp; Graduation PICTURES!<span class=\"toggle_icon\" >        <span class=\"vert_icon\"><\/span><span class=\"hor_icon\"><\/span><\/span><\/p>        <div id=\"toggle-id-1-container\" class=\"toggle_wrap active_tc\"  style='display:block;'>            <div class=\"toggle_content invers-color \"  itemprop=\"text\"   ><p>THI\u1ebeU NHI C\u1ea4P 3 STUDENTS!! Pictures for your past overnight and graduation are now OUT! Check them out below:<\/p>\n<ul>\n<li>Link to <a href=\"https:\/\/drive.google.com\/drive\/u\/0\/folders\/1X9FuPy2dt4yCTy3J9RRpBDgLzTB07gPo?fbclid=IwZXh0bgNhZW0CMTEAAR67J3l18-SjaiBI_5nrTax59uRns_zSmVin0uCIok79KHg5gmMvzfG5bcoFrQ_aem_e5yJnAimDxZp9akqSQRiAw\">C\u1ea5p 3 Overnight<\/a><\/li>\n<li>Link to <a href=\"https:\/\/drive.google.com\/drive\/u\/0\/folders\/132DCYiz-dcGjtbqbeHIsEXM1LHRvtLRa\">C\u1ea5p 3 Graduation<\/a><\/li>\n<\/ul>\n<p><img loading=\"lazy\" decoding=\"async\" class=\"alignnone size-medium wp-image-5553\" src=\"https:\/\/chuahaidong.org\/wp-content\/uploads\/imageedit_15_8073058481-300x200.jpg\" alt=\"\" width=\"300\" height=\"200\" srcset=\"https:\/\/chuahaidong.org\/wp-content\/uploads\/imageedit_15_8073058481-300x200.jpg 300w, https:\/\/chuahaidong.org\/wp-content\/uploads\/imageedit_15_8073058481-1030x686.jpg 1030w, https:\/\/chuahaidong.org\/wp-content\/uploads\/imageedit_15_8073058481-768x512.jpg 768w, https:\/\/chuahaidong.org\/wp-content\/uploads\/imageedit_15_8073058481-705x470.jpg 705w, https:\/\/chuahaidong.org\/wp-content\/uploads\/imageedit_15_8073058481.jpg 1292w\" sizes=\"auto, (max-width: 300px) 100vw, 300px\" \/>\u00a0<img loading=\"lazy\" decoding=\"async\" class=\"alignnone size-medium wp-image-5540\" src=\"https:\/\/chuahaidong.org\/wp-content\/uploads\/imageedit_13_9135138443-300x200.jpg\" alt=\"\" width=\"300\" height=\"200\" srcset=\"https:\/\/chuahaidong.org\/wp-content\/uploads\/imageedit_13_9135138443-300x200.jpg 300w, https:\/\/chuahaidong.org\/wp-content\/uploads\/imageedit_13_9135138443-1030x686.jpg 1030w, https:\/\/chuahaidong.org\/wp-content\/uploads\/imageedit_13_9135138443-768x512.jpg 768w, https:\/\/chuahaidong.org\/wp-content\/uploads\/imageedit_13_9135138443-705x470.jpg 705w, https:\/\/chuahaidong.org\/wp-content\/uploads\/imageedit_13_9135138443.jpg 1292w\" sizes=\"auto, (max-width: 300px) 100vw, 300px\" \/><img loading=\"lazy\" decoding=\"async\" class=\"alignnone size-medium wp-image-5538\" src=\"https:\/\/chuahaidong.org\/wp-content\/uploads\/imageedit_9_2803484923-300x200.jpg\" alt=\"\" width=\"300\" height=\"200\" srcset=\"https:\/\/chuahaidong.org\/wp-content\/uploads\/imageedit_9_2803484923-300x200.jpg 300w, https:\/\/chuahaidong.org\/wp-content\/uploads\/imageedit_9_2803484923-1030x686.jpg 1030w, https:\/\/chuahaidong.org\/wp-content\/uploads\/imageedit_9_2803484923-768x512.jpg 768w, https:\/\/chuahaidong.org\/wp-content\/uploads\/imageedit_9_2803484923-705x470.jpg 705w, https:\/\/chuahaidong.org\/wp-content\/uploads\/imageedit_9_2803484923.jpg 1292w\" sizes=\"auto, (max-width: 300px) 100vw, 300px\" \/><\/p>\n            <\/div>        <\/div>    <\/div><\/section>\n<section class=\"av_toggle_section\"  itemscope=\"itemscope\" itemtype=\"https:\/\/schema.org\/CreativeWork\"  >    <div role=\"tablist\" class=\"single_toggle\" data-tags=\"{All} \"  >        <p data-fake-id=\"#toggle-id-2\" class=\"toggler \"  itemprop=\"headline\"    role=\"tab\" tabindex=\"0\" aria-controls=\"toggle-id-2-container\">Thi\u1ebfu Nhi Retreat 2025 - PICTURES<span class=\"toggle_icon\" >        <span class=\"vert_icon\"><\/span><span class=\"hor_icon\"><\/span><\/span><\/p>        <div id=\"toggle-id-2-container\" class=\"toggle_wrap \"  >            <div class=\"toggle_content invers-color \"  itemprop=\"text\"   ><p>Hello Ng\u00e0nh Thi\u1ebfu! For those of you that went to retreat, us Huynh Tr\u01b0\u1edfng hope you all enjoyed your time spent together with both each other and God. With this year&#8217;s retreat theme being &#8220;Choose Your Adventure,&#8221; we really wanted to focus on the idea that even though each of us have free will to choose what decisions we make in our lives, God is always present around us wherever we go!<\/p>\n<p><img loading=\"lazy\" decoding=\"async\" class=\"alignnone size-medium wp-image-5353\" src=\"https:\/\/chuahaidong.org\/wp-content\/uploads\/imageedit_7_2361882637-300x200.jpg\" alt=\"\" width=\"300\" height=\"200\" srcset=\"https:\/\/chuahaidong.org\/wp-content\/uploads\/imageedit_7_2361882637-300x200.jpg 300w, https:\/\/chuahaidong.org\/wp-content\/uploads\/imageedit_7_2361882637-1030x686.jpg 1030w, https:\/\/chuahaidong.org\/wp-content\/uploads\/imageedit_7_2361882637-768x512.jpg 768w, https:\/\/chuahaidong.org\/wp-content\/uploads\/imageedit_7_2361882637-1536x1024.jpg 1536w, https:\/\/chuahaidong.org\/wp-content\/uploads\/imageedit_7_2361882637-1500x1000.jpg 1500w, https:\/\/chuahaidong.org\/wp-content\/uploads\/imageedit_7_2361882637-705x470.jpg 705w, https:\/\/chuahaidong.org\/wp-content\/uploads\/imageedit_7_2361882637.jpg 1700w\" sizes=\"auto, (max-width: 300px) 100vw, 300px\" \/><img loading=\"lazy\" decoding=\"async\" class=\"alignnone size-medium wp-image-5354\" src=\"https:\/\/chuahaidong.org\/wp-content\/uploads\/imageedit_5_7609685871-300x200.jpg\" alt=\"\" width=\"300\" height=\"200\" srcset=\"https:\/\/chuahaidong.org\/wp-content\/uploads\/imageedit_5_7609685871-300x200.jpg 300w, https:\/\/chuahaidong.org\/wp-content\/uploads\/imageedit_5_7609685871-1030x686.jpg 1030w, https:\/\/chuahaidong.org\/wp-content\/uploads\/imageedit_5_7609685871-768x512.jpg 768w, https:\/\/chuahaidong.org\/wp-content\/uploads\/imageedit_5_7609685871-1536x1024.jpg 1536w, https:\/\/chuahaidong.org\/wp-content\/uploads\/imageedit_5_7609685871-1500x1000.jpg 1500w, https:\/\/chuahaidong.org\/wp-content\/uploads\/imageedit_5_7609685871-705x470.jpg 705w, https:\/\/chuahaidong.org\/wp-content\/uploads\/imageedit_5_7609685871.jpg 1700w\" sizes=\"auto, (max-width: 300px) 100vw, 300px\" \/><img loading=\"lazy\" decoding=\"async\" class=\"alignnone size-medium wp-image-5355\" src=\"https:\/\/chuahaidong.org\/wp-content\/uploads\/imageedit_4_7963887172-300x200.jpg\" alt=\"\" width=\"300\" height=\"200\" srcset=\"https:\/\/chuahaidong.org\/wp-content\/uploads\/imageedit_4_7963887172-300x200.jpg 300w, https:\/\/chuahaidong.org\/wp-content\/uploads\/imageedit_4_7963887172-1030x686.jpg 1030w, https:\/\/chuahaidong.org\/wp-content\/uploads\/imageedit_4_7963887172-768x512.jpg 768w, https:\/\/chuahaidong.org\/wp-content\/uploads\/imageedit_4_7963887172-1536x1024.jpg 1536w, https:\/\/chuahaidong.org\/wp-content\/uploads\/imageedit_4_7963887172-1500x1000.jpg 1500w, https:\/\/chuahaidong.org\/wp-content\/uploads\/imageedit_4_7963887172-705x470.jpg 705w, https:\/\/chuahaidong.org\/wp-content\/uploads\/imageedit_4_7963887172.jpg 1700w\" sizes=\"auto, (max-width: 300px) 100vw, 300px\" \/><\/p>\n<p><strong>Here are a few pictures from our retreat! More retreat pictures are linked here:<\/strong> <a href=\"https:\/\/drive.google.com\/drive\/folders\/1iPq5q0NuZcmi4xig80I4BvBO67vvfsRv?dmr=1&amp;ec=wgc-drive-hero-goto\">TN Retreat 2025 Pictures<\/a><\/p>\n            <\/div>        <\/div>    <\/div><\/section>\n<\/div>\n<div   class='hr hr-default   avia-builder-el-12  el_after_av_toggle_container  el_before_av_textblock '><span class='hr-inner ' ><span class='hr-inner-style'><\/span><\/span><\/div>\n<section class=\"av_textblock_section \"  itemscope=\"itemscope\" itemtype=\"https:\/\/schema.org\/CreativeWork\" ><div class='avia_textblock  '   itemprop=\"text\" ><h2 style=\"text-align: center; color: #1e47a9;\">THI\u1ebeU NHI HUYNH TR\u01af\u1edeNG (2025-2026)<\/h2>\n<\/div><\/section>\n<section class=\"av_textblock_section \"  itemscope=\"itemscope\" itemtype=\"https:\/\/schema.org\/CreativeWork\" ><div class='avia_textblock  av_inherit_color '  style='color:#666666; '  itemprop=\"text\" ><p><img loading=\"lazy\" decoding=\"async\" class=\"alignnone size-medium wp-image-5505 aligncenter\" src=\"https:\/\/chuahaidong.org\/wp-content\/uploads\/7-208x300.jpeg\" alt=\"\" width=\"208\" height=\"300\" srcset=\"https:\/\/chuahaidong.org\/wp-content\/uploads\/7-208x300.jpeg 208w, https:\/\/chuahaidong.org\/wp-content\/uploads\/7-715x1030.jpeg 715w, https:\/\/chuahaidong.org\/wp-content\/uploads\/7-768x1106.jpeg 768w, https:\/\/chuahaidong.org\/wp-content\/uploads\/7-490x705.jpeg 490w, https:\/\/chuahaidong.org\/wp-content\/uploads\/7.jpeg 935w\" sizes=\"auto, (max-width: 208px) 100vw, 208px\" \/><\/p>\n<p style=\"font-size: 16px; text-align: center;\"><span style=\"color: #666666;\"><strong><span style=\"text-decoration: underline;\">Ng\u00e0nh Tr\u01b0\u1edfng:<\/span> <\/strong><\/span><\/p>\n<p style=\"font-size: 16px; text-align: center;\"><span style=\"color: #666666;\"><strong>Tr. Mimi Ph\u1ea1m<\/strong><\/span><\/p>\n<\/div><\/section>\n<div class=\"flex_column av_one_third  flex_column_div av-zero-column-padding first  avia-builder-el-15  el_after_av_textblock  el_before_av_one_third  column-top-margin\" style='border-radius:0px; '><section class=\"av_textblock_section \"  itemscope=\"itemscope\" itemtype=\"https:\/\/schema.org\/CreativeWork\" ><div class='avia_textblock  av_inherit_color '  style='color:#666666; '  itemprop=\"text\" ><p style=\"text-align: center;\"><img loading=\"lazy\" decoding=\"async\" class=\"alignnone size-medium wp-image-5536\" src=\"https:\/\/chuahaidong.org\/wp-content\/uploads\/blank-profile-picture-973460_1280-300x300.webp\" alt=\"\" width=\"300\" height=\"300\" srcset=\"https:\/\/chuahaidong.org\/wp-content\/uploads\/blank-profile-picture-973460_1280-300x300.webp 300w, https:\/\/chuahaidong.org\/wp-content\/uploads\/blank-profile-picture-973460_1280-1030x1030.webp 1030w, https:\/\/chuahaidong.org\/wp-content\/uploads\/blank-profile-picture-973460_1280-80x80.webp 80w, https:\/\/chuahaidong.org\/wp-content\/uploads\/blank-profile-picture-973460_1280-768x768.webp 768w, https:\/\/chuahaidong.org\/wp-content\/uploads\/blank-profile-picture-973460_1280-36x36.webp 36w, https:\/\/chuahaidong.org\/wp-content\/uploads\/blank-profile-picture-973460_1280-180x180.webp 180w, https:\/\/chuahaidong.org\/wp-content\/uploads\/blank-profile-picture-973460_1280-705x705.webp 705w, https:\/\/chuahaidong.org\/wp-content\/uploads\/blank-profile-picture-973460_1280.webp 1280w\" sizes=\"auto, (max-width: 300px) 100vw, 300px\" \/><\/p>\n<p style=\"font-size: 16px; text-align: center;\"><strong><span style=\"text-decoration: underline;\">C\u1ea5p 1:<\/span> <\/strong><\/p>\n<p style=\"font-size: 16px; text-align: center;\"><strong>???<br \/>\n(Come back next year to meet your new HTs!)<\/strong><\/p>\n<\/div><\/section><\/div>\n<div class=\"flex_column av_one_third  flex_column_div av-zero-column-padding   avia-builder-el-17  el_after_av_one_third  el_before_av_one_third  column-top-margin\" style='border-radius:0px; '><section class=\"av_textblock_section \"  itemscope=\"itemscope\" itemtype=\"https:\/\/schema.org\/CreativeWork\" ><div class='avia_textblock  av_inherit_color '  style='color:#666666; '  itemprop=\"text\" ><p style=\"text-align: center;\"><img loading=\"lazy\" decoding=\"async\" class=\"alignnone size-medium wp-image-5536\" src=\"https:\/\/chuahaidong.org\/wp-content\/uploads\/blank-profile-picture-973460_1280-300x300.webp\" alt=\"\" width=\"300\" height=\"300\" srcset=\"https:\/\/chuahaidong.org\/wp-content\/uploads\/blank-profile-picture-973460_1280-300x300.webp 300w, https:\/\/chuahaidong.org\/wp-content\/uploads\/blank-profile-picture-973460_1280-1030x1030.webp 1030w, https:\/\/chuahaidong.org\/wp-content\/uploads\/blank-profile-picture-973460_1280-80x80.webp 80w, https:\/\/chuahaidong.org\/wp-content\/uploads\/blank-profile-picture-973460_1280-768x768.webp 768w, https:\/\/chuahaidong.org\/wp-content\/uploads\/blank-profile-picture-973460_1280-36x36.webp 36w, https:\/\/chuahaidong.org\/wp-content\/uploads\/blank-profile-picture-973460_1280-180x180.webp 180w, https:\/\/chuahaidong.org\/wp-content\/uploads\/blank-profile-picture-973460_1280-705x705.webp 705w, https:\/\/chuahaidong.org\/wp-content\/uploads\/blank-profile-picture-973460_1280.webp 1280w\" sizes=\"auto, (max-width: 300px) 100vw, 300px\" \/><\/p>\n<p style=\"font-size: 16px; text-align: center;\"><strong><span style=\"text-decoration: underline;\">C\u1ea5p 2:<\/span> <\/strong><\/p>\n<p style=\"font-size: 16px; text-align: center;\"><strong>???<br \/>\n(Come back next year to meet your new HTs!)<\/strong><\/p>\n<\/div><\/section><\/div>\n<div class=\"flex_column av_one_third  flex_column_div av-zero-column-padding   avia-builder-el-19  el_after_av_one_third  el_before_av_hr  column-top-margin\" style='border-radius:0px; '><section class=\"av_textblock_section \"  itemscope=\"itemscope\" itemtype=\"https:\/\/schema.org\/CreativeWork\" ><div class='avia_textblock  av_inherit_color '  style='color:#666666; '  itemprop=\"text\" ><p><img loading=\"lazy\" decoding=\"async\" class=\"alignnone size-medium wp-image-5536 aligncenter\" src=\"https:\/\/chuahaidong.org\/wp-content\/uploads\/blank-profile-picture-973460_1280-300x300.webp\" alt=\"\" width=\"300\" height=\"300\" srcset=\"https:\/\/chuahaidong.org\/wp-content\/uploads\/blank-profile-picture-973460_1280-300x300.webp 300w, https:\/\/chuahaidong.org\/wp-content\/uploads\/blank-profile-picture-973460_1280-1030x1030.webp 1030w, https:\/\/chuahaidong.org\/wp-content\/uploads\/blank-profile-picture-973460_1280-80x80.webp 80w, https:\/\/chuahaidong.org\/wp-content\/uploads\/blank-profile-picture-973460_1280-768x768.webp 768w, https:\/\/chuahaidong.org\/wp-content\/uploads\/blank-profile-picture-973460_1280-36x36.webp 36w, https:\/\/chuahaidong.org\/wp-content\/uploads\/blank-profile-picture-973460_1280-180x180.webp 180w, https:\/\/chuahaidong.org\/wp-content\/uploads\/blank-profile-picture-973460_1280-705x705.webp 705w, https:\/\/chuahaidong.org\/wp-content\/uploads\/blank-profile-picture-973460_1280.webp 1280w\" sizes=\"auto, (max-width: 300px) 100vw, 300px\" \/><\/p>\n<p style=\"font-size: 16px; text-align: center;\"><strong><span style=\"text-decoration: underline;\">C\u1ea5p 3:<\/span> <\/strong><\/p>\n<p style=\"font-size: 16px; text-align: center;\"><strong>???<br \/>\n(Come back next year to meet your new HTs!)<\/strong><\/p>\n<\/div><\/section><\/div>\n<div   class='hr hr-default   avia-builder-el-21  el_after_av_one_third  el_before_av_textblock '><span class='hr-inner ' ><span class='hr-inner-style'><\/span><\/span><\/div>\n<section class=\"av_textblock_section \"  itemscope=\"itemscope\" itemtype=\"https:\/\/schema.org\/CreativeWork\" ><div class='avia_textblock  '   itemprop=\"text\" ><h2 style=\"text-align: center; color: #1e47a9;\">THI\u1ebeU NHI CA<\/h2>\n<\/div><\/section>\n<section class=\"av_textblock_section \"  itemscope=\"itemscope\" itemtype=\"https:\/\/schema.org\/CreativeWork\" ><div class='avia_textblock  '   itemprop=\"text\" ><p style=\"font-size: 16px; text-align: center;\">Em Thi\u1ebfu Nhi \u01a1i, nh\u01b0 ng\u00e0n tia s\u00e1ng huy ho\u00e0ng,<br \/>\nv\u00e0o bu\u1ed5i r\u1ea1ng \u0111\u00f4ng \u0111\u1ebfn mang ngu\u1ed3n h\u01a1i \u1ea5m.<br \/>\nEm Thi\u1ebfu Nhi \u01a1i, em \u0111\u1eb9p nh\u01b0 hoa h\u01b0\u1edbng d\u01b0\u01a1ng,<br \/>\nt\u01b0\u01a1i d\u1ecbu nh\u01b0 h\u01a1i gi\u00f3 xu\u00e2n, \u0111em y\u00ean vui \u0111\u1ebfn mu\u00f4n ng\u01b0\u1eddi.<\/p>\n<p style=\"font-size: 16px; text-align: center;\">Em Thi\u1ebfu Nhi \u01a1i, m\u1eaft nh\u00ecn em v\u00ed sao tr\u1eddi,<br \/>\nn\u1ee5 c\u01b0\u1eddi tr\u00ean m\u00f4i x\u00f3a tan m\u00e0u u t\u1ed1i.<br \/>\nEm Thi\u1ebfu Nhi \u01a1i, em l\u00e0 chi\u1ebfn s\u0129 Ph\u00fac \u00c2m,<br \/>\ngian kh\u1ed5 nguy kh\u00f3 ch\u1edb nao, vui mang Ch\u00faa \u0111\u1ebfn cho ng\u01b0\u1eddi.<\/p>\n<\/div><\/section>\n<div id=\"av_player-0\" class=\"av-player av-player-container   avia-builder-el-24  el_after_av_textblock  avia-builder-el-last  first avia-playerstyle-classic avia-playlist-hide-cover\" ><div class=\"av-player-player-container\"><div class=\"wp-playlist wp-audio-playlist wp-playlist-light\">\n\t\t\t<div class=\"wp-playlist-current-item\"><\/div>\n\t\t<audio controls=\"controls\" preload=\"none\" width=\"1478\"\n\t\t\t><\/audio>\n\t<div class=\"wp-playlist-next\"><\/div>\n\t<div class=\"wp-playlist-prev\"><\/div>\n\t<noscript>\n\t<ol>\n\t\t<li><a href='https:\/\/chuahaidong.org\/wp-content\/uploads\/TNCa.mp3'>Thieu Nhi Ca<\/a><\/li>\t<\/ol>\n\t<\/noscript>\n\t<script type=\"application\/json\" class=\"wp-playlist-script\">{\"type\":\"audio\",\"tracklist\":true,\"tracknumbers\":true,\"images\":true,\"artists\":true,\"tracks\":[{\"src\":\"https:\/\/chuahaidong.org\/wp-content\/uploads\/TNCa.mp3\",\"type\":\"audio\/mpeg\",\"title\":\"Thieu Nhi Ca\",\"caption\":\"\",\"description\":\"\\\"Thieu Nhi Ca\\\" by TNTT H\\u00e1t V\\u1edbi Gi\\u00easu.\",\"meta\":{\"artist\":\"TNTT H\\u00e1t V\\u1edbi Gi\\u00easu\",\"length_formatted\":\"1:05\"},\"image\":{\"src\":\"https:\/\/chuahaidong.org\/wp-includes\/images\/media\/audio.svg\",\"width\":48,\"height\":64},\"thumb\":{\"src\":\"https:\/\/chuahaidong.org\/wp-includes\/images\/media\/audio.svg\",\"width\":48,\"height\":64}}]}<\/script>\n<\/div>\n\t<\/div><\/div>\n","protected":false},"excerpt":{"rendered":"","protected":false},"author":1,"featured_media":0,"parent":0,"menu_order":0,"comment_status":"closed","ping_status":"open","template":"","meta":{"footnotes":""},"class_list":["post-20","page","type-page","status-publish","hentry"],"_links":{"self":[{"href":"https:\/\/chuahaidong.org\/index.php?rest_route=\/wp\/v2\/pages\/20","targetHints":{"allow":["GET"]}}],"collection":[{"href":"https:\/\/chuahaidong.org\/index.php?rest_route=\/wp\/v2\/pages"}],"about":[{"href":"https:\/\/chuahaidong.org\/index.php?rest_route=\/wp\/v2\/types\/page"}],"author":[{"embeddable":true,"href":"https:\/\/chuahaidong.org\/index.php?rest_route=\/wp\/v2\/users\/1"}],"replies":[{"embeddable":true,"href":"https:\/\/chuahaidong.org\/index.php?rest_route=%2Fwp%2Fv2%2Fcomments&post=20"}],"version-history":[{"count":5,"href":"https:\/\/chuahaidong.org\/index.php?rest_route=\/wp\/v2\/pages\/20\/revisions"}],"predecessor-version":[{"id":5568,"href":"https:\/\/chuahaidong.org\/index.php?rest_route=\/wp\/v2\/pages\/20\/revisions\/5568"}],"wp:attachment":[{"href":"https:\/\/chuahaidong.org\/index.php?rest_route=%2Fwp%2Fv2%2Fmedia&parent=20"}],"curies":[{"name":"wp","href":"https:\/\/api.w.org\/{rel}","templated":true}]}}