{"id":177,"date":"2014-09-24T01:37:23","date_gmt":"2014-09-24T01:37:23","guid":{"rendered":"http:\/\/chuahaidong.org\/?page_id=177"},"modified":"2014-12-02T14:25:41","modified_gmt":"2014-12-02T06:25:41","slug":"noi-quy-pttntt","status":"publish","type":"page","link":"https:\/\/chuahaidong.org\/?page_id=177","title":{"rendered":"N\u1ed9i Quy PT\/TNTT"},"content":{"rendered":"<div id=\"content2\">\n<h2>N\u1ed9i Quy PT\/TNTT<\/h2>\n<h3>III. M\u1ee5c \u0110\u00edch, T\u00f4n Ch\u1ec9, v\u00e0 Ph\u01b0\u01a1ng Ph\u00e1p Gi\u00e1o D\u1ee5c<\/h3>\n<p>Theo N\u1ed9i Quy 1993, ngo\u00e0i m\u1ee5c \u0111\u00edch gi\u00e1o d\u1ee5c thanh thi\u1ebfu ni\u00ean v\u1ec1 2 ph\u01b0\u01a1ng di\u1ec7n: t\u1ef1 nhi\u00ean v\u00e0 si\u00eau nhi\u00ean &#8211; t\u1ef1 nhi\u00ean th\u00ec \u0111\u00e0o luy\u1ec7n th\u00e0nh ng\u01b0\u1eddi c\u00f4ng d\u00e2n t\u1ed1t, si\u00eau nhi\u00ean hu\u1ea5n luy\u1ec7n th\u00e0nh ng\u01b0\u1eddi Kit\u00f4 h\u1eefu ho\u00e0n h\u1ea3o -, Phong Tr\u00e0o Thi\u1ebfu Nhi Th\u00e1nh Th\u1ec3 c\u00f2n \u0111o\u00e0n ng\u0169 h\u00f3a v\u00e0 h\u01b0\u1edbng d\u1eabn gi\u1edbi tr\u1ebb loan truy\u1ec1n Tin M\u1eebng Ch\u00faa Kit\u00f4 v\u00e0 g\u00f3p ph\u1ea7n x\u00e2y d\u1ef1ng x\u00e3 h\u1ed9i. N\u1ec1n t\u1ea3ng gi\u00e1o d\u1ee5c c\u1ee7a Phong Tr\u00e0o l\u00e0 L\u1eddi Ch\u00faa trong Th\u00e1nh Kinh v\u00e0 gi\u00e1o hu\u1ea5n c\u1ee7a Gi\u00e1o H\u1ed9i C\u00f4ng Gi\u00e1o; v\u00e0, Ch\u00faa Gi\u00easu Th\u00e1nh Th\u1ec3, \u0111ang ti\u1ebfp t\u1ee5c c\u00e1ch k\u1ef3 di\u1ec7u m\u1ea7u nhi\u1ec7m nh\u1eadp th\u1ec3 v\u00e0 ph\u1ee5c sinh trong cu\u1ed9c \u0111\u1eddi m\u1ed7i ng\u01b0\u1eddi l\u00e0 l\u00fd t\u01b0\u1edfng c\u1ee7a Phong Tr\u00e0o Thi\u1ebfu Nhi Th\u00e1nh Th\u1ec3. C\u1ee5 th\u1ec3 h\u00f3a m\u1ee5c \u0111\u00edch tr\u00ean, Phong Tr\u00e0o m\u1eddi g\u1ecdi m\u1ecdi \u0111o\u00e0n vi\u00ean s\u1ed1ng theo c\u00e1c t\u00f4n ch\u1ec9 sau:<\/p>\n<ol>\n<li>S\u1ed1ng L\u1eddi Ch\u00faa v\u00e0 k\u1ebft h\u1ee3p v\u1edbi Ch\u00faa Gi\u00easu Th\u00e1nh Th\u1ec3 b\u1eb1ng C\u1ea7u Nguy\u1ec7n, R\u01b0\u1edbc L\u1ec5, Hy Sinh v\u00e0 L\u00e0m Vi\u1ec7c T\u00f4ng \u0110\u1ed3 d\u01b0\u1edbi s\u1ef1 h\u01b0\u1edbng d\u1eabn c\u1ee7a Ch\u00faa Th\u00e1nh Th\u1ea7n, c\u00e1ch ri\u00eang l\u00e0m t\u00f4ng \u0111\u1ed3 cho gi\u1edbi tr\u1ebb: &#8220;Gi\u1edbi tr\u1ebb ph\u1ea3i l\u00e0m t\u00f4ng \u0111\u1ed3 tr\u01b0\u1edbc ti\u00ean v\u00e0 tr\u1ef1c ti\u1ebfp cho gi\u1edbi tr\u1ebb&#8221;. (S\u1eafc L\u1ec7nh T\u00f4ng \u0110\u1ed3 Gi\u00e1o D\u00e2n, S\u1ed1 12)<\/li>\n<li>Y\u00eau m\u1ebfn v\u00e0 t\u00f4n k\u00ednh \u0110\u1ee9c Maria M\u1eb9 Ch\u00faa C\u1ee9u Th\u1ebf, \u0111\u1ec3 nh\u1edd M\u1eb9 ch\u00fang ta \u0111\u00f3n nh\u1eadn Ch\u00faa v\u00e0 \u0111em Ch\u00faa v\u00e0o \u0111\u1eddi m\u1ed9t c\u00e1ch tuy\u1ec7t h\u1ea3o.<\/li>\n<li>T\u00f4n k\u00ednh c\u00e1c Th\u00e1nh T\u1eed \u0110\u1ea1o Vi\u1ec7t Nam; noi g\u01b0\u01a1ng v\u00e0 n\u00ean ch\u1ee9ng t\u00e1 Tin M\u1eebng Ch\u00faa Kit\u00f4 nh\u01b0 c\u00e1c Ng\u00e0i.<\/li>\n<li>Y\u00eau m\u1ebfn v\u00e0 v\u00e2ng ph\u1ee5c v\u1ecb \u0111\u1ea1i di\u1ec7n Ch\u00faa Kit\u00f4, l\u00e0 \u0110\u1ee9c Gi\u00e1o Ho\u00e0ng, th\u1ee7 l\u00e3nh c\u1ee7a Thi\u1ebfu Nhi Th\u00e1nh Th\u1ec3, \u0111\u1ed3ng th\u1eddi c\u1ea7u nguy\u1ec7n v\u00e0 th\u1ef1c hi\u1ec7n nh\u1eefng \u00fd ch\u1ec9 h\u1eb1ng th\u00e1ng c\u1ee7a Ng\u00e0i.<\/li>\n<li>Th\u0103ng ti\u1ebfn con ng\u01b0\u1eddi nh\u00e2n b\u1ea3n. B\u1ea3o t\u1ed3n v\u00e0 ph\u00e1t huy truy\u1ec1n th\u1ed1ng v\u0103n h\u00f3a d\u00e2n t\u1ed9c Vi\u1ec7t Nam.<\/li>\n<\/ol>\n<p>T\u1eeb c\u00e1c t\u00f4n ch\u1ec9 n\u00e0y, Phong Tr\u00e0o \u0111\u00e3 t\u1ea1o cho m\u00ecnh ph\u01b0\u01a1ng ph\u00e1p gi\u00e1o d\u1ee5c si\u00eau nhi\u00ean th\u1eadt \u0111\u1ed9c \u0111\u00e1o: Kh\u01a1i Ngu\u1ed3n Th\u00e1nh Kinh v\u00e0 Kh\u01a1i Ngu\u1ed3n Th\u00e1nh Th\u1ec3. N\u1ebfu Phong Tr\u00e0o H\u01b0\u1edbng \u0110\u1ea1o \u0111\u00e3 l\u00e0m say m\u00ea bao t\u00e2m h\u1ed3n tr\u1ebb v\u1edbi Khung C\u1ea3nh R\u1eebng Xanh, th\u00ec ch\u1eafc ch\u1eafn, Phong Tr\u00e0o Thi\u1ebfu Nhi Th\u00e1nh Th\u1ec3 c\u00f2n l\u00e0m m\u00ea say v\u00e0 c\u1ea3m nghi\u1ec7m s\u00e2u xa h\u01a1n n\u1eefa v\u1edbi Khung C\u1ea3nh Th\u00e1nh Kinh b\u1eaft ngu\u1ed3n t\u1eeb kho t\u00e0ng L\u1eddi Ch\u00faa d\u1ed3i d\u00e0o v\u00e0 x\u00fac t\u00edch. Cu?c \u0111\u1eddi Ch\u00faa Gi\u00easu t\u1eeb thu\u1edf th\u01a1 \u1ea5u, th\u1eddi \u1ea9n d\u1eadt v\u00e0 b\u01b0\u1edbc \u0111\u01b0\u1eddng rao gi\u1ea3ng Tin M\u1eebng \u0111\u00e3 tr\u1edf n\u00ean ngu\u1ed3n su\u1ed1i ch\u1ea5t li\u1ec7u phong ph\u00fa trong vi\u1ec7c gi\u00e1o d\u1ee5c gi\u1edbi tr\u1ebb tr\u1edf n\u00ean gi\u1ed1ng Ch\u00faa Kit\u00f4: S\u1ed1ng Ngoan, s\u1ed1ng Hy Sinh, s\u1ed1ng Chinh Ph\u1ee5c, s\u1ed1ng D\u1ea5n Th\u00e2n nh\u01b0 ng\u00e0i. Kh\u00f4ng nh\u1eefng th\u1ebf, Phong Tr\u00e0o c\u00f2n m\u1eddi g\u1ecdi gi\u1edbi tr\u1ebb s\u1ed1ng TH\u00c1NH, qua ph\u01b0\u01a1ng ph\u00e1p Kh\u01a1i Ngu\u1ed3n Th\u00e1nh Th\u1ec3, trong \u0111\u00f3, Ch\u00faa Gi\u00easu Th\u00e1nh Th\u1ec3 tr\u1edf th\u00e0nh m\u1eb7t tr\u1eddi c\u1ee7a m\u1ed9t ng\u00e0y s\u1ed1ng, tr\u1edf th\u00e0nh trung t\u00e2m \u0111i\u1ec3m c\u1ee7a c\u1ea3 cu\u1ed9c \u0111\u1eddi ng\u01b0\u1eddi \u0111o\u00e0n vi\u00ean TNTT, qua vi\u1ec7c d\u00e2ng ng\u00e0y, r\u01b0\u1edbc l\u1ec5, l\u00e0m vi\u1ec7c l\u00e0nh v\u00e0 d\u00e2ng \u0111\u00eam li\u00ean t\u1ee5c m\u1ed7i ng\u00e0y.<\/p>\n<p>M\u1eb7t kh\u00e1c, Phong Tr\u00e0o c\u0169ng t\u1eadn d\u1ee5ng c\u00e1c ph\u01b0\u01a1ng ph\u00e1p gi\u00e1o d\u1ee5c t\u1ef1 nhi\u00ean nh\u01b0 H\u00e0ng \u0110\u1ed9i T\u1ef1 Tr\u1ecb, Gi\u00e1o D\u1ee5c Ti\u1ec7m Ti\u1ebfn, V\u00e0o Sa M\u1ea1c (Tr\u1ea1i Hu\u1ea5n Luy\u1ec7n), Sinh Ho\u1ea1t Tr\u1ebb, v\u00e0 H\u1ed9i H\u1ecdp. T\u1eeb m\u1ed9t nh\u00f3m tr\u1ebb \u00f4 h\u1ee3p, H\u00e0ng \u0110\u1ed9i T\u1ef1 Tr\u1ecb s\u1ebd \u0111\u01b0a c\u00e1c em v\u00e0o \u0111\u1ed9i ng\u0169 tr\u1eadt t\u1ef1, bi\u1ebft ph\u00e2n c\u00f4ng tr\u00e1ch nhi\u1ec7m, n\u1eafm v\u1eefng c\u01a1 c\u1ea5u t\u1ed5 ch\u1ee9c, s\u1ed1ng h\u00f2a \u0111\u1ed3ng v\u00e0 ph\u1ee5c v\u1ee5 c\u00f4ng \u00edch chung. Gi\u00e1o D\u1ee5c Ti\u1ec7m Ti\u1ebfn \u0111\u00e1p \u1ee9ng s\u1ef1 h\u1ee3p l\u00fd trong vi\u1ec7c hu\u1ea5n luy\u1ec7n: \u0111i t\u1eeb d\u1ec5 \u0111\u1ebfn kh\u00f3, ph\u00e2n chia l\u1ee9a tu\u1ed5i v\u00e0 tr\u00ecnh \u0111\u1ed9, nh\u1eefng \u0111i\u1ec1u h\u1ecdc tr\u01b0\u1edbc s\u1ebd gi\u00fap hi\u1ec3u bi\u1ebft nh\u1eefng \u0111i\u1ec1u h\u1ecdc sau. B\u01b0\u1edbc ch\u00e2n v\u00e0o Sa M\u1ea1c (tr\u1ea1i hu\u1ea5n luy\u1ec7n), c\u00e1c em s\u1ebd h\u1ecdc \u0111\u01b0\u1ee3c tinh th\u1ea7n th\u00e1o v\u00e1t, t\u1ef1 l\u1eadp v\u00e0 kh\u1eafc ph\u1ee5c b\u1ea3n th\u00e2n v\u00ec ph\u1ea3i xa r\u1eddi \u0111\u1eddi s\u1ed1ng ti\u1ec7n nghi h\u1eb1ng ng\u00e0y, v\u00e0 h\u01a1n th\u1ebf n\u1eefa, c\u1ea3m nghi\u1ec7m \u0111\u01b0\u1ee3c tinh th\u1ea7n ph\u00f3 th\u00e1c v\u00e0o Ban Hu\u1ea5n Luy\u1ec7n, tinh th\u1ea7n \u0111\u1ed3ng \u0111\u1ed9i trong \u0111\u1eddi s\u1ed1ng l\u1ec1u tr\u1ea1i v\u00e0 c\u00e1c sinh ho\u1ea1t hu\u1ea5n luy\u1ec7n. Sinh Ho\u1ea1t Tr\u1ebb \u0111em l\u1ea1i ni\u1ec1m vui cho t\u00e2m h\u1ed3n c\u00e1c em qua nh\u1eefng b\u00e0i h\u00e1t, v\u0169 \u0111i\u1ec7u, b\u0103ng reo v\u00e0 tr\u00f2 ch\u01a1i, trong \u0111\u00f3, c\u00e1c em s\u1ebd \u0111\u01b0\u1ee3c nu\u00f4i d\u01b0\u1ee1ng b\u1eb1ng nh\u1eefng tinh th\u1ea7n l\u1ea1c quan, y\u00eau \u0111\u1eddi, b\u1eb1ng nh\u1eefng t\u00ecnh c\u1ea3m thi\u00eang li\u00eang \u0111\u1ed1i v\u1edbi gia \u0111\u00ecnh, h\u1ecdc \u0111\u01b0\u1eddng, gi\u00e1o h\u1ed9i v\u00e0 qu\u00ea h\u01b0\u01a1ng. Cu\u1ed1i c\u00f9ng, H\u1ed9i H\u1ecdp mang l\u1ea1i b\u1ea7u kh\u00ed xum v\u1ea7y, c\u00f9ng nhau nh\u00ecn l\u1ea1i nh\u1eefng g\u00ec \u0111\u00e3 th\u1ef1c hi\u1ec7n, c\u00f9ng nhau ph\u00e2n c\u00f4ng nh\u1eefng g\u00ec \u0111ang th\u1ef1c hi\u1ec7n, c\u00f9ng nhau chia s\u1ebb nh\u1eefng g\u00ec s\u1ebd th\u1ef1c hi\u1ec7n, v\u00e0 c\u00f9ng nhau h\u1ecdc h\u1ecfi th\u0103ng ti\u1ebfn b\u1ea3n th\u00e2n v\u00e0 \u0111o\u00e0n th\u1ec3.<\/p>\n<p>Source: <a href=\"http:\/\/www.tntt.org\">http:\\\\www.tntt.org<\/a><\/p>\n<div id=\"preNext\">\n<p id=\"nextpage\"><a title=\"Ban Ch\u1ea5p H\u00e0nh Trung \u01af\u01a1ng 2014-2018\" href=\"http:\/\/chuahaidong.org\/?page_id=3036\">Next &gt;&gt;<\/a><\/p>\n<p id=\"previous\"><a title=\"L\u1ecbch S\u1eed PT\/TNTT: Sau 1975\" href=\"http:\/\/chuahaidong.org\/?page_id=171\">&lt;&lt; Previous<\/a><\/p>\n<\/div>\n<\/div>\n","protected":false},"excerpt":{"rendered":"<p>N\u1ed9i Quy PT\/TNTT III. M\u1ee5c \u0110\u00edch, T\u00f4n Ch\u1ec9, v\u00e0 Ph\u01b0\u01a1ng Ph\u00e1p Gi\u00e1o D\u1ee5c Theo N\u1ed9i Quy 1993, ngo\u00e0i m\u1ee5c \u0111\u00edch gi\u00e1o d\u1ee5c thanh thi\u1ebfu ni\u00ean v\u1ec1 2 ph\u01b0\u01a1ng di\u1ec7n: t\u1ef1 nhi\u00ean v\u00e0 si\u00eau nhi\u00ean &#8211; t\u1ef1 nhi\u00ean th\u00ec \u0111\u00e0o luy\u1ec7n th\u00e0nh ng\u01b0\u1eddi c\u00f4ng d\u00e2n t\u1ed1t, si\u00eau nhi\u00ean hu\u1ea5n luy\u1ec7n th\u00e0nh ng\u01b0\u1eddi Kit\u00f4 h\u1eefu ho\u00e0n h\u1ea3o [&hellip;]<\/p>\n","protected":false},"author":1,"featured_media":0,"parent":0,"menu_order":0,"comment_status":"closed","ping_status":"closed","template":"","meta":{"footnotes":""},"class_list":["post-177","page","type-page","status-publish","hentry"],"_links":{"self":[{"href":"https:\/\/chuahaidong.org\/index.php?rest_route=\/wp\/v2\/pages\/177","targetHints":{"allow":["GET"]}}],"collection":[{"href":"https:\/\/chuahaidong.org\/index.php?rest_route=\/wp\/v2\/pages"}],"about":[{"href":"https:\/\/chuahaidong.org\/index.php?rest_route=\/wp\/v2\/types\/page"}],"author":[{"embeddable":true,"href":"https:\/\/chuahaidong.org\/index.php?rest_route=\/wp\/v2\/users\/1"}],"replies":[{"embeddable":true,"href":"https:\/\/chuahaidong.org\/index.php?rest_route=%2Fwp%2Fv2%2Fcomments&post=177"}],"version-history":[{"count":8,"href":"https:\/\/chuahaidong.org\/index.php?rest_route=\/wp\/v2\/pages\/177\/revisions"}],"predecessor-version":[{"id":3041,"href":"https:\/\/chuahaidong.org\/index.php?rest_route=\/wp\/v2\/pages\/177\/revisions\/3041"}],"wp:attachment":[{"href":"https:\/\/chuahaidong.org\/index.php?rest_route=%2Fwp%2Fv2%2Fmedia&parent=177"}],"curies":[{"name":"wp","href":"https:\/\/api.w.org\/{rel}","templated":true}]}}